{"text_format":"1","workbook":"xlsx","n_sheets":7,"sheets":["LEA Name List","Guidance","Budget Overview","AR APP Budget Sheet","Funding Sources","Carryover","Allocation"],"not_rendered":{"charts":0,"images":0,"macros":1,"external_links":4,"defined_names":20,"comments":0,"pivot_tables":0},"unopened":[],"bounds":{"document_bytes":16777216,"sheet_cells":100000,"rows_first":2000,"rows_last":500,"rows_between":2000,"halvings":0,"cell_chars":16384,"cell_head_chars":4096},"cells_cut":0,"cells_raw":0,"read":"whole","date_system":"1900"}

{"sheet":"LEA Name List","index":0,"n_rows":260,"n_cols":1,"rows_kept":260,"cut":false,"hidden":true,"merged":[]}
[]
[]
["SAMPLE DISTRICT - 9999"]
["ACADEMICS PLUS - 6040"]
["ACADEMIES OF MATH & SCIENCE (AMS) - 6065"]
["ALMA - 1701              "]
["ALPENA -0501"]
["ARKADELPHIA - 1002"]
["ARKANSAS ARTS ACADEMY - 0440"]
["ARKANSAS CONNECTIONS ACADEMY - 0444"]
["ARKANSAS LIGHTHOUSE ACADEMIES - 6050"]
["ARKANSAS SCHOOL FOR THE DEAF AND BLIND - 6093"]
["ARKANSAS VIRTUAL ACADEMY - 6043"]
["ARMOREL - 4701"]
["ASHDOWN - 4101"]
["ATKINS - 5801"]
["AUGUSTA - 7401"]
["BALD KNOB - 7301"]
["BARTON - 5401"]
["BATESVILLE - 3201"]
["BAUXITE - 6301"]
["BAY - 1601"]
["BEARDEN - 5201"]
["BEEBE - 7302"]
["BENTON - 6302"]
["BENTONVILLE - 0401"]
["BERGMAN - 0502"]
["BERRYVILLE - 0801"]
["BISMARCK - 3001"]
["BLEVINS - 2901"]
["BLYTHEVILLE - 4702"]
["BOONEVILLE - 4201"]
["BRADFORD - 7303"]
["BRINKLEY - 4801"]
["BROOKLAND - 1603"]
["BRYANT - 6303"]
["BUFFALO ISLAND CENTRAL - 1605"]
["CABOT - 4304"]
["CADDO HILLS - 4901"]
["CALICO ROCK - 3301"]
["CAMDEN-FAIRVIEW - 5204      "]
["CARLISLE - 4303"]
["CAVE CITY - 6802"]
["CEDAR RIDGE - 3212"]
["CEDARVILLE - 1712"]
["CENTERPOINT - 5502"]
["CHARLESTON - 2402"]
["CLARENDON - 4802"]
["CLARKSVILLE - 3601"]
["CLEVELAND COUNTY - 1305"]
["CLINTON - 7102"]
["CONCORD - 1201"]
["CONWAY - 2301"]
["CORNING - 1101"]
["COSSATOT RIVER - 5707"]
["COTTER - 0302"]
["COUNTY LINE - 2403"]
["CROSS COUNTY - 1901"]
["CROSSETT - -0201"]
["CUTTER-MORNING STAR - 2601"]
["DANVILLE - 7503"]
["DARDANELLE - 7504"]
["DECATUR - 0402"]
["DEER/MT. JUDEA - 5106"]
["DEQUEEN - 6701"]
["DERMOTT - 0901"]
["DES ARC - 5901"]
["DEWITT - 0101"]
["DIERKS - 3102"]
["DOVER - 5802"]
["DREW CENTRAL - 2202"]
["DUMAS - 2104"]
["EARLE - 1802"]
["EAST END - 5301"]
["EAST POINSETT COUNTY - 5608"]
["EL DORADO - 7001"]
["ELKINS - 7201"]
["EMERSON-TAYLOR-BRADLEY - 1408"]
["ENGLAND - 4302"]
["ESTEM - 6047"]
["EUREKA SPRINGS - 0802"]
["EXALT ACADEMY OF SOUTHWEST LITTLE ROCK - 6055"]
["FARMINGTON - 7202"]
["FAYETTEVILLE - 7203"]
["FLIPPIN - 4501"]
["FORDYCE - 2002"]
["FOREMAN - 4102"]
["FORREST CITY - 6201"]
["FORT SMITH - 6601"]
["FOUKE - 4603"]
["FOUNDERS CLASSICAL ACADEMY - 0442"]
["FOUNTAIN LAKE - 2602"]
["FRIENDSHIP ASPIRE ACADEMIES ARKANSAS - 3544"]
["FUTURE SCHOOL OF FORT SMITH - 6040"]
["GARFIELD SCHOLARS ACADEMY- 0448"]
["GENOA CENTRAL - 4602"]
["GENTRY - 0403"]
["GLEN ROSE - 3002"]
["GOSNELL - 4708"]
["GRADUATE ARKANSAS - 6052"]
["GRAVETTE - 0404"]
["GREEN FOREST - 0803"]
["GREENBRIER - 2303"]
["GREENE COUNTY TECH - 2807"]
["GREENLAND - 7204"]
["GREENWOOD - 6602"]
["GURDON - 1003"]
["GUY-PERKINS - 2304"]
["HACKETT - 6603"]
["HAMBURG - 0203"]
["HAMPTON - 0701"]
["HARMONY GROVE - 5205"]
["HARMONY GROVE - 6304"]
["HARRISBURG - 5602"]
["HARRISON - 0503"]
["HASS HALL ACADEMY - 7240"]
["HAZEN - 5903"]
["HEBER SPRINGS - 1202"]
["HECTOR - 5803"]
["HELENA-W HELENA - 5403"]
["HERMITAGE - 0601"]
["HIGHLAND - 6804"]
["HILLCREST - 3809"]
["HOPE - 2903"]
["HORATIO - 6703"]
["HOT SPRINGS - 2603"]
["HOXIE - 3804"]
["HUNTSVILLE - 4401"]
["IMBODEN AREA CHARTER SCHOOL - 3840"]
["INSTITUTE FOR THE CREATIVE ARTS - 6641"]
["IZARD COUNTY CONSOLIDATED - 3306"]
["JACKSON COUNTY - 3405"]
["JACKSONVILLE NORTH PULASKI - 6004"]
["JASPER - 5102"]
["JESSIEVILLE - 2604"]
["JONESBORO - 1608"]
["JUNCTION CITY - 7003"]
["KIPP DELTA - 5440"]
["KIRBY - 5503"]
["LAFAYETTE COUNTY - 3704"]
["LAKE HAMILTON - 2605"]
["LAKESIDE (CHICOT) - 0903"]
["LAKESIDE (GARLAND) - 2606"]
["LAMAR -3604"]
["LAVACA  - 6605"]
["LAWRENCE COUNTY - 3810"]
["LEAD HILL - 0506"]
["LEE COUNTY - 3904"]
["LINCOLN - 7205"]
["LISA ACADEMY - 6041"]
["LITTLE ROCK - 6001"]
["LONOKE - 4301            "]
["MAGAZINE - 4202 "]
["MAGNET COVE - 3003 "]
["MAGNOLIA - 1402"]
["MALVERN - 3004"]
["MAMMOTH SPRING - 2501"]
["MANILA - 4712  "]
["MANSFIELD 6606"]
["MARION - 1804"]
["MARKED TREE - 5604"]
["MARMADUKE - 2803 "]
["MARVELL-ELAINE - 5404"]
["MAYFLOWER - 2305"]
["MAYNARD - 6102"]
["MCCRORY - 7403 "]
["MCGEHEE - 2105"]
["MELBOURNE - 3302"]
["MENA - 5703"]
["MIDLAND - 3211"]
["MINERAL SPRINGS - 3104"]
["MONTICELLO - 2203"]
["MOUNT IDA - 4902"]
["MOUNT VERNON/ENOLA - 2306"]
["MOUNTAIN HOME - 0303"]
["MOUNTAIN PINE - 2607"]
["MOUNTAIN VIEW  - 6901"]
["MOUNTAINBURG - 1703"]
["MULBERRY - 1704"]
["NASHVILLE - 3105"]
["NEMO VISTA - 1503"]
["NETTLETON - 1611"]
["NEVADA - 5008"]
["NEWPORT - 3403 "]
["NORFORK - 0304  "]
["NORTH LITTLE ROCK - 6002"]
["OMAHA - 0504 "]
["OSCEOLA - 4713 "]
["OUACHITA - 3005  "]
["OUACHITA RIVER - 5706"]
["OZARK - 2404"]
["OZARK MOUNTAIN - 6505"]
["PALESTINE-WHEATLEY - 6205"]
["PANGBURN - 7309"]
["PARAGOULD - 2808"]
["PARIS - 4203"]
["PARKERS CHAPEL - 7007 "]
["PEA RIDGE -0407"]
["PERRYVILLE - 5303"]
["PIGGOTT - 1104 "]
["PINE BLUFF - 3505  "]
["POCAHONTAS  - 6103 "]
["POTTSVILLE - 5804"]
["POYEN - 2703"]
["PRAIRIE GROVE - 7206"]
["PREMIER HIGH SCHOOLS OF ARKANSAS - 6053"]
["PRESCOTT - 5006"]
["PULASKI COUNTY - 6003"]
["QUITMAN - 1203"]
["RECTOR - 1106    "]
["RIVERCREST - 4706"]
["RIVERSIDE - 1613"]
["RIVERVIEW - 7303  "]
["ROGERS - 0405"]
["ROSE BUD - 7310   "]
["RUSSELLVILLE - 5805"]
["SALEM -  2502"]
["SCHOLARMADE ACHIEVEMENT PLACE - 6060"]
["SCHOOL FOR ADVANCED STUDIES - 0446"]
["SCRANTON - 4204"]
["SEARCY COUNTY - 6502"]
["SEARCY SPECIAL - 7311"]
["SHERIDAN - 2705"]
["SHIRLEY - 7104"]
["SILOAM SPRINGS - 0406"]
["SLOAN-HENDRIX - 3806"]
["SMACKOVER-NORPHLET - 7008"]
["SO CONWAY COUNTY - 1507"]
["SOUTH PIKE COUNTY -5504"]
["SOUTH SIDE - 7105"]
["SOUTHSIDE - 3209"]
["SPRING HILL - 2906"]
["SPRINGDALE - 7207"]
["STAR CITY - 4003"]
["STRONG-HUTTIG - 7009"]
["STUTTGART - 0104"]
["TEXARKANA - 4605"]
["TRUMANN - 5605"]
["TWO RIVERS - 7510"]
["VALLEY SPRINGS - 0505"]
["VALLEY VIEW- 1612"]
["VAN BUREN - 1705"]
["VILONIA - 2307"]
["VIOLA - 2503"]
["WALDRON - 6401"]
["WARREN - 0602"]
["WATSON CHAPEL - 3509"]
["WEST FORK - 7208"]
["WEST MEMPHIS - 1803"]
["WEST SIDE - 1204"]
["WESTERN YELL COUNTY -7509"]
["WESTSIDE - 3606"]
["WESTSIDE CONSOLIDATED -1602"]
["WESTWIND SCHOOL FOR PERFORMING ARTS - 6063"]
["WHITE COUNTY CENTRAL - 7304"]
["WHITE HALL - 3510"]
["WONDERVIEW - 1505"]
["WOODLAWN - 1304"]
["WYNNE - 1905"]
["YELLVILLE-SUMMIT - 4502"]

{"sheet":"Guidance","index":1,"n_rows":12,"n_cols":1,"rows_kept":12,"cut":false,"hidden":false,"merged":[[7,0,7,18],[11,0,11,2],[9,0,9,2],[10,0,10,2],[1,0,1,18],[4,0,4,18],[5,0,5,18],[6,0,6,18]]}
["Purpose:"]
["The AR App guides districts in creating a district wide Strategic Plan to support student learning outcomes. Once districts identify their priorities in the AR App, Superintendents, along with their AR App Team, must determine how to implement those priorities. The most direct way is to focus on how the district develops their budget. This tool is designed to guide Superintendents and their AR App Teams in budgeting thier federal and state funding sources to support the district's Strategic Plan."]
[]
["How to use this tool:"]
["Step 1: Superintendents and their AR App Team review their district's AR App to determine what expenditures are needed to support the district's Strategic Plan developed through the Ar App."]
["Step 2: Federal/State program coordinators identify possible expenditures that support the implementation of the district's Strategic Plan developed through the AR App."]
["Step 3: If needed Federal/State program coordinators propose what the district could consider not funding in order to meet the requirements of the AR App developed Strategic Plan."]
["Step 4: Superintendents develop a budget from the available options and funding sources that support the Strategic Plan developed through the Ar App."]
[]
["Resources:"]
["AR APP Website"]
["Student Special Needs Funding Rules"]

{"sheet":"Budget Overview","index":2,"n_rows":25,"n_cols":5,"rows_kept":25,"cut":false,"hidden":false,"merged":[[1,0,1,2]]}
[]
["SAMPLE DISTRICT - 9999"]
[{"$f":"RIGHT(A2,4)","v":"9999"}]
["Fund Source","Previous Year Carryover","Current Year Allocation","Total Budgeted","Difference\n (Amount Not Budgeted)\n(Amount Over Budgeted)"]
["ABC- 2365",{"$f":"IFERROR(--_xlfn.XLOOKUP($A$3,Carryover!$A$2:$A$260, Carryover!$G$2:$G$260), 0)","v":0},{"$f":"IFERROR(--_xlfn.XLOOKUP($A$3,Allocation!$A$2:$A$260, Allocation!$G$2:$G$260), 0)","v":0},{"$f":"SUMIF('AR APP Budget Sheet'!$E:$E,'Budget Overview'!A5,'AR APP Budget Sheet'!$C:$C)","v":0},{"$f":"B5+C5-D5","v":0}]
["ALE- 2275",{"$f":"IFERROR(--_xlfn.XLOOKUP($A$3,Carryover!$A$2:$A$260, Carryover!$C$2:$C$260), 0)","v":3627.93},{"$f":"IFERROR(--_xlfn.XLOOKUP($A$3,Allocation!$A$2:$A$260, Allocation!$C$2:$C$260), 0)","v":39351},{"$f":"SUMIF('AR APP Budget Sheet'!$E:$E,'Budget Overview'!A6,'AR APP Budget Sheet'!$C:$C)","v":0},{"$f":"B6+C6-D6","v":42978.93}]
["ELL- 2276",{"$f":"IFERROR(--_xlfn.XLOOKUP($A$3,Carryover!$A$2:$A$260, Carryover!$D$2:$D$260), 0)","v":2314.13},{"$f":"IFERROR(--_xlfn.XLOOKUP($A$3,Allocation!$A$2:$A$260, Allocation!$D$2:$D$260), 0)","v":80886},{"$f":"SUMIF('AR APP Budget Sheet'!$E:$E,'Budget Overview'!A7,'AR APP Budget Sheet'!$C:$C)","v":0},83200.13]
["ESA- 2281",{"$f":"IFERROR(--_xlfn.XLOOKUP($A$3,Carryover!$A$2:$A$260, Carryover!$E$2:$E$260), 0)","v":12745.31},{"$f":"IFERROR(--_xlfn.XLOOKUP($A$3,Allocation!$A$2:$A$260, Allocation!$E$2:$E$260), 0)","v":485276},{"$f":"SUMIF('AR APP Budget Sheet'!$E:$E,'Budget Overview'!A8,'AR APP Budget Sheet'!$C:$C)","v":0},498021.31]
["PD- 2223",{"$f":"IFERROR(--_xlfn.XLOOKUP($A$3,Carryover!$A$2:$A$260, Carryover!$F$2:$F$260), 0)","v":175.59},{"$f":"IFERROR(--_xlfn.XLOOKUP($A$3,Allocation!$A$2:$A$260, Allocation!$F$2:$F$260), 0)","v":21190},{"$f":"SUMIF('AR APP Budget Sheet'!$E:$E,'Budget Overview'!A9,'AR APP Budget Sheet'!$C:$C)","v":0},21365.59]
["Title I-A 6501",{"$f":"IFERROR(--_xlfn.XLOOKUP($A$3,Carryover!$A$2:$A$260, Carryover!$O$2:$O$260), 0)","v":20803.91},{"$f":"IFERROR(--_xlfn.XLOOKUP($A$3,Allocation!$A$2:$A$260, Allocation!$O$2:$O$260), 0)","v":139236.78},{"$f":"SUMIF('AR APP Budget Sheet'!$E:$E,'Budget Overview'!A10,'AR APP Budget Sheet'!$C:$C)","v":0},160040.69]
["Title I-C 6502",{"$f":"IFERROR(--_xlfn.XLOOKUP($A$3,Carryover!$A$2:$A$260, Carryover!$P$2:$P$260), 0)","v":8428},{"$f":"IFERROR(--_xlfn.XLOOKUP($A$3,Allocation!$A$2:$A$260, Allocation!$P$2:$P$260), 0)","v":26393.82},{"$f":"SUMIF('AR APP Budget Sheet'!$E:$E,'Budget Overview'!A11,'AR APP Budget Sheet'!$C:$C)","v":0},34821.82]
["Title I-D 6510",{"$f":"IFERROR(--_xlfn.XLOOKUP($A$3,Carryover!$A$2:$A$260, Carryover!$Q$2:$Q$260), 0)","v":238.78},{"$f":"IFERROR(--_xlfn.XLOOKUP($A$3,Allocation!$A$2:$A$260, Allocation!$Q$2:$Q$260), 0)","v":96918.66},{"$f":"SUMIF('AR APP Budget Sheet'!$E:$E,'Budget Overview'!A12,'AR APP Budget Sheet'!$C:$C)","v":0},97157.440000000002]
["Title II- 6756",{"$f":"IFERROR(--_xlfn.XLOOKUP($A$3,Carryover!$A$2:$A$260, Carryover!$R$2:$R$260), 0)","v":4518.9799999999996},{"$f":"IFERROR(--_xlfn.XLOOKUP($A$3,Allocation!$A$2:$A$260, Allocation!$R$2:$R$260), 0)","v":27611.89},{"$f":"SUMIF('AR APP Budget Sheet'!$E:$E,'Budget Overview'!A13,'AR APP Budget Sheet'!$C:$C)","v":0},32130.87]
["Title III-ESOL- 6761",{"$f":"IFERROR(--_xlfn.XLOOKUP($A$3,Carryover!$A$2:$A$260, Carryover!$S$2:$S$260), 0)","v":11657.27},{"$f":"IFERROR(--_xlfn.XLOOKUP($A$3,Allocation!$A$2:$A$260, Allocation!$S$2:$S$260), 0)","v":23604.54},{"$f":"SUMIF('AR APP Budget Sheet'!$E:$E,'Budget Overview'!A14,'AR APP Budget Sheet'!$C:$C)","v":0},35261.81]
["Title IV- 6786",{"$f":"IFERROR(--_xlfn.XLOOKUP($A$3,Carryover!$A$2:$A$260, Carryover!$T$2:$T$260), 0)","v":4250.38},{"$f":"IFERROR(--_xlfn.XLOOKUP($A$3,Allocation!$A$2:$A$260, Allocation!$T$2:$T$260), 0)","v":10784.57},{"$f":"SUMIF('AR APP Budget Sheet'!$E:$E,'Budget Overview'!A15,'AR APP Budget Sheet'!$C:$C)","v":0},15034.95]
["Title V- 6784",{"$f":"IFERROR(--_xlfn.XLOOKUP($A$3,Carryover!$A$2:$A$260, Carryover!$U$2:$U$260), 0)","v":200},{"$f":"IFERROR(--_xlfn.XLOOKUP($A$3,Allocation!$A$2:$A$260, Allocation!$U$2:$U$260), 0)","v":1299.94},{"$f":"SUMIF('AR APP Budget Sheet'!$E:$E,'Budget Overview'!A16,'AR APP Budget Sheet'!$C:$C)","v":0},1499.94]
["Medicaid - 6750",{"$f":"IFERROR(--_xlfn.XLOOKUP($A$3,Carryover!$A$2:$A$260, Carryover!$H$2:$H$260), 0)","v":0},{"$f":"IFERROR(--_xlfn.XLOOKUP($A$3,Allocation!$A$2:$A$260, Allocation!$H$2:$H$260), 0)","v":0},{"$f":"SUMIF('AR APP Budget Sheet'!$E:$E,'Budget Overview'!A17,'AR APP Budget Sheet'!$C:$C)","v":0},{"$f":"B17+C17-D17","v":0}]
["ARMAC- 6752",{"$f":"IFERROR(--_xlfn.XLOOKUP($A$3,Carryover!$A$2:$A$260, Carryover!$I$2:$I$260), 0)","v":0},{"$f":"_xlfn.XLOOKUP($A$3,Allocation!$A$2:$A$260, Allocation!$I$2:$I$260)","v":0},{"$f":"SUMIF('AR APP Budget Sheet'!$E:$E,'Budget Overview'!A18,'AR APP Budget Sheet'!$C:$C)","v":0},{"$f":"B18+C18-D18","v":0}]
["State EC SPED Budget - 2260",{"$f":"IFERROR(--_xlfn.XLOOKUP($A$3, Allocation!$A$3:$A$260, Allocation!$N$3:$N$260), 0)","v":17644},{"$f":"IFERROR(--_xlfn.XLOOKUP($A$3,Allocation!$A$2:$A$260, Allocation!$N$2:$N$260), 0)","v":17644},{"$f":"SUMIF('AR APP Budget Sheet'!$E:$E,'Budget Overview'!A19,'AR APP Budget Sheet'!$C:$C)","v":0},{"$f":"B19+C19-D19","v":35288}]
["IDEA Part B (3-5) Budget - 6710",{"$f":"IFERROR(--_xlfn.XLOOKUP($A$3, Carryover!$A$3:$A$260, Carryover!$M$3:$M$260), 0)","v":28.69},{"$f":"IFERROR(--_xlfn.XLOOKUP($A$3,Allocation!$A$2:$A$260, Allocation!$M$2:$M$260), 0)","v":5729.96},{"$f":"SUMIF('AR APP Budget Sheet'!$E:$E,'Budget Overview'!A20,'AR APP Budget Sheet'!$C:$C)","v":0},{"$f":"B20+C20-D20","v":5758.65}]
["IDEA Part B (3-21) Budget - 6702",{"$f":"IFERROR(--_xlfn.XLOOKUP($A$3,Carryover!$A$2:$A$260, Carryover!$V$2:$V$260), 0)","v":51686.79},{"$f":"IFERROR(--_xlfn.XLOOKUP($A$3,Allocation!$A$2:$A$260, Allocation!$V$2:$V$260), 0)","v":164607.6},{"$f":"SUMIF('AR APP Budget Sheet'!$E:$E,'Budget Overview'!A21,'AR APP Budget Sheet'!$C:$C)","v":0},{"$f":"B21+C21-D21","v":216294.39}]
["GT Required Expenditure",{"$f":"IFERROR(--_xlfn.XLOOKUP($A$3,Carryover!$A$2:$A$260, Carryover!$K$2:$K$260), 0)","v":0},{"$f":"IFERROR(--_xlfn.XLOOKUP($A$3,Allocation!$A$2:$A$260, Allocation!$K$2:$K$260), 0)","v":32933.11},{"$f":"SUMIF('AR APP Budget Sheet'!$E:$E,'Budget Overview'!A22,'AR APP Budget Sheet'!$C:$C)","v":0},32933.11]
["Grant",null,null,{"$f":"SUMIF('AR APP Budget Sheet'!$E:$E,'Budget Overview'!A23,'AR APP Budget Sheet'!$C:$C)","v":0},0]
["Operating",null,null,{"$f":"SUMIF('AR APP Budget Sheet'!$E:$E,'Budget Overview'!A24,'AR APP Budget Sheet'!$C:$C)","v":0},0]
["Other",null,null,{"$f":"SUMIF('AR APP Budget Sheet'!$E:$E,'Budget Overview'!A25,'AR APP Budget Sheet'!$C:$C)","v":0},0]

{"sheet":"AR APP Budget Sheet","index":3,"n_rows":242,"n_cols":10,"rows_kept":242,"cut":false,"hidden":false,"merged":[[107,0,113,0],[53,0,60,0],[63,0,69,0],[99,0,104,0],[72,0,78,0],[81,0,87,0],[90,0,96,0],[3,0,4,7],[43,0,50,0],[6,0,12,0],[15,0,22,0],[25,0,31,0],[34,0,40,0],[116,0,117,7],[234,0,240,0],[119,0,125,0],[128,0,134,0],[214,0,220,0],[223,0,229,0],[167,0,173,0],[176,0,182,0],[185,0,191,0],[194,0,195,7],[197,0,202,0],[205,0,211,0],[137,0,143,0],[155,0,161,0],[164,0,165,7],[146,0,152,0]]}
[{"$f":"'Budget Overview'!A2","v":"SAMPLE DISTRICT - 9999"}]
[]
[null,"Step 1: Proposed Purchase","Estimated Cost","Is this a new expenditure?","Step 2: Source of Funds","Step 3: Proposed Cut ","Step 3: Estimated Cost","Step 3: Source of Funds"]
["Improving Academic Outcomes"]
[]
["Priority 1.1"]
["Identify High Quality Instructional Materials (HQIM) for core instruction in literacy and math.",null,null,null,null,null,null,null,{"$f":"+$A$6","v":"Priority 1.1"},{"$f":"#REF!","v":{"$error":"#REF!"}}]
[]
[]
[]
[null,null,null,null,null,null,null,null,{"$f":"+$A$6","v":"Priority 1.1"},{"$f":"#REF!","v":{"$error":"#REF!"}}]
[null,null,null,null,null,null,null,null,"Priority 1.1",{"$f":"#REF!","v":{"$error":"#REF!"}}]
[null,null,null,null,null,null,null,null,"Priority 1.1",{"$f":"#REF!","v":{"$error":"#REF!"}}]
[]
["Priority 1.2"]
["Identify Professional Learning\n",null,null,null,null,null,null,null,{"$f":"$A$15","v":"Priority 1.2"},{"$f":"$A$16","v":"Identify Professional Learning\n"}]
[null,null,null,null,null,null,null,null,"Priority 1.2","Identify Professional Learning\n"]
[null,null,null,null,null,null,null,null,"Priority 1.2","Identify Professional Learning\n"]
[]
[null,null,null,null,null,null,null,null,"Priority 1.2","Identify Professional Learning\n"]
[null,null,null,null,null,null,null,null,"Priority 1.2","Identify Professional Learning\n"]
[null,null,null,null,null,null,null,null,"Priority 1.2","Identify Professional Learning\n"]
[null,null,null,null,null,null,null,null,"Priority 1.2","Identify Professional Learning\n"]
[]
["Priority 1.3"]
["Identify High Quality Supplemental Instructional Materials",null,null,null,null,null,null,null,{"$f":"$A$25","v":"Priority 1.3"},{"$f":"$A$26","v":"Identify High Quality Supplemental Instructional Materials"}]
[null,null,null,null,null,null,null,null,"Priority 1.3","Identify High Quality Supplemental Instructional Materials"]
[null,null,null,null,null,null,null,null,"Priority 1.3","Identify High Quality Supplemental Instructional Materials"]
[null,null,null,null,null,null,null,null,"Priority 1.3","Identify High Quality Supplemental Instructional Materials"]
[null,null,null,null,null,null,null,null,"Priority 1.3","Identify High Quality Supplemental Instructional Materials"]
[null,null,null,null,null,null,null,null,"Priority 1.3","Identify High Quality Supplemental Instructional Materials"]
[null,null,null,null,null,null,null,null,"Priority 1.3","Identify High Quality Supplemental Instructional Materials"]
[]
["Priority 1.4"]
["How is the district supporting teachers and building administrators to improve literacy instruction aligned with the Science of Reading (SoR)?",null,null,null,null,null,null,null,{"$f":"$A$34","v":"Priority 1.4"},{"$f":"$A$35","v":"How is the district supporting teachers and building administrators to improve literacy instruction aligned with the Science of Reading (SoR)?"}]
[null,null,null,null,null,null,null,null,"Priority 1.4","How is the district supporting teachers and building administrators to improve literacy instruction aligned with the Science of Reading (SoR)?"]
[null,null,null,null,null,null,null,null,"Priority 1.4","How is the district supporting teachers and building administrators to improve literacy instruction aligned with the Science of Reading (SoR)?"]
[null,null,null,null,null,null,null,null,"Priority 1.4","How is the district supporting teachers and building administrators to improve literacy instruction aligned with the Science of Reading (SoR)?"]
[null,null,null,null,null,null,null,null,"Priority 1.4","How is the district supporting teachers and building administrators to improve literacy instruction aligned with the Science of Reading (SoR)?"]
[null,null,null,null,null,null,null,null,"Priority 1.4","How is the district supporting teachers and building administrators to improve literacy instruction aligned with the Science of Reading (SoR)?"]
[null,null,null,null,null,null,null,null,"Priority 1.4","How is the district supporting teachers and building administrators to improve literacy instruction aligned with the Science of Reading (SoR)?"]
[]
["Priority 1.5"]
["What supports will the district provide general education teachers to ensure students with disabilities and English Learners are able to access core instruction? ",null,null,null,null,null,null,null,{"$f":"$A$43","v":"Priority 1.5"},{"$f":"$A$44","v":"What supports will the district provide general education teachers to ensure students with disabilities and English Learners are able to access core instruction? "}]
[null,null,null,null,null,null,null,null,"Priority 1.5","What supports will the district provide general education teachers to ensure students with disabilities and English Learners are able to access core instruction? "]
[null,null,null,null,null,null,null,null,"Priority 1.5","What supports will the district provide general education teachers to ensure students with disabilities and English Learners are able to access core instruction? "]
[null,null,null,null,null,null,null,null,"Priority 1.5","What supports will the district provide general education teachers to ensure students with disabilities and English Learners are able to access core instruction? "]
[null,null,null,null,null,null,null,null,"Priority 1.5","What supports will the district provide general education teachers to ensure students with disabilities and English Learners are able to access core instruction? "]
[null,null,null,null,null,null,null,null,"Priority 1.5","What supports will the district provide general education teachers to ensure students with disabilities and English Learners are able to access core instruction? "]
[]
[null,null,null,null,null,null,null,null,"Priority 1.5","What supports will the district provide general education teachers to ensure students with disabilities and English Learners are able to access core instruction? "]
["Supplemental Supports"]
["Priority 1.8-1.9 "]
["What accelerated learning opportunities will be offered to students next year? What supplemental supports are available to increase access to and success in accelerated learning opportunities?","Elementary:",null,null,null,null,null,null,{"$f":"$A$53","v":"Priority 1.8-1.9 "},{"$f":"$A$54","v":"What accelerated learning opportunities will be offered to students next year? What supplemental supports are available to increase access to and success in accelerated learning opportunities?"}]
[null,null,null,null,null,null,null,null,"Priority 1.8-1.9 ","What accelerated learning opportunities will be offered to students next year? What supplemental supports are available to increase access to and success in accelerated learning opportunities?"]
[null,null,null,null,null,null,null,null,"Priority 1.8-1.9 ","What accelerated learning opportunities will be offered to students next year? What supplemental supports are available to increase access to and success in accelerated learning opportunities?"]
[null,"Middle:",null,null,null,null,null,null,"Priority 1.8-1.9 ","What accelerated learning opportunities will be offered to students next year? What supplemental supports are available to increase access to and success in accelerated learning opportunities?"]
[null,null,null,null,null,null,null,null,"Priority 1.8-1.9 ","What accelerated learning opportunities will be offered to students next year? What supplemental supports are available to increase access to and success in accelerated learning opportunities?"]
[null,null,null,null,null,null,null,null,"Priority 1.8-1.9 ","What accelerated learning opportunities will be offered to students next year? What supplemental supports are available to increase access to and success in accelerated learning opportunities?"]
[null,"High School: ",null,null,null,null,null,null,"Priority 1.8-1.9 ","What accelerated learning opportunities will be offered to students next year? What supplemental supports are available to increase access to and success in accelerated learning opportunities?"]
[null,null,null,null,null,null,null,null,"Priority 1.8-1.9 ","What accelerated learning opportunities will be offered to students next year? What supplemental supports are available to increase access to and success in accelerated learning opportunities?"]
[]
["Priority 1.10-1.11"]
["Describe supplemental academic services and wrap-around supports for the following:\n","ALE:",null,null,null,null,null,null,{"$f":"$A$63","v":"Priority 1.10-1.11"},{"$f":"$A$64","v":"Describe supplemental academic services and wrap-around supports for the following:\n"}]
[null,"SPED:",null,null,null,null,null,null,"Priority 1.10-1.11","Describe supplemental academic services and wrap-around supports for the following:\n"]
[null,"EL (LIEP): ",null,null,null,null,null,null,"Priority 1.10-1.11","Describe supplemental academic services and wrap-around supports for the following:\n"]
[null,"MIGRANT:",null,null,null,null,null,null,"Priority 1.10-1.11","Describe supplemental academic services and wrap-around supports for the following:\n"]
[null,"Title I: ",null,null,null,null,null,null,"Priority 1.10-1.11","Describe supplemental academic services and wrap-around supports for the following:\n"]
[null,null,null,null,null,null,null,null,"Priority 1.10-1.11","Describe supplemental academic services and wrap-around supports for the following:\n"]
[null,null,null,null,null,null,null,null,"Priority 1.10-1.11","Describe supplemental academic services and wrap-around supports for the following:\n"]
["Transitions or Extended Opportunities"]
["Priority 1.12"]
["Describe your transition strategies for students. \n","Pre-K to Kindergarten",null,null,null,null,null,null,{"$f":"$A$72","v":"Priority 1.12"},{"$f":"$A$73","v":"Describe your transition strategies for students. \n"}]
[null,null,null,null,null,null,null,null,"Priority 1.12","Describe your transition strategies for students. \n"]
[null,"Elementary to Middle/Junior High",null,null,null,null,null,null,"Priority 1.12","Describe your transition strategies for students. \n"]
[null,null,null,null,null,null,null,null,"Priority 1.12","Describe your transition strategies for students. \n"]
[null,null,null,null,null,null,null,null,"Priority 1.12","Describe your transition strategies for students. \n"]
[null,"High School to Postsecondary/Career/Military",null,null,null,null,null,null,"Priority 1.12","Describe your transition strategies for students. \n"]
[null,null,null,null,null,null,null,null,"Priority 1.12","Describe your transition strategies for students. \n"]
[]
["Priority 1.13"]
["How will the district implement Student Success Plans for students in grades 8-12?",null,null,null,null,null,null,null,{"$f":"$A$81","v":"Priority 1.13"},{"$f":"$A$82","v":"How will the district implement Student Success Plans for students in grades 8-12?"}]
[null,null,null,null,null,null,null,null,"Priority 1.13","How will the district implement Student Success Plans for students in grades 8-12?"]
[null,null,null,null,null,null,null,null,"Priority 1.13","How will the district implement Student Success Plans for students in grades 8-12?"]
[null,null,null,null,null,null,null,null,"Priority 1.13","How will the district implement Student Success Plans for students in grades 8-12?"]
[null,null,null,null,null,null,null,null,"Priority 1.13","How will the district implement Student Success Plans for students in grades 8-12?"]
[null,null,null,null,null,null,null,null,"Priority 1.13","How will the district implement Student Success Plans for students in grades 8-12?"]
[null,null,null,null,null,null,null,null,"Priority 1.13","How will the district implement Student Success Plans for students in grades 8-12?"]
[]
["Priority 1.14-1.15"]
["What early childhood access and opportunities does your district provide for your community to ensure kindergarten readiness? What additional services does the district provide to early childhood at-risk subgroups? \n\n\n\n\n","Economically Disadvantaged",null,null,null,null,null,null,{"$f":"$A$90","v":"Priority 1.14-1.15"},{"$f":"$A$91","v":"What early childhood access and opportunities does your district provide for your community to ensure kindergarten readiness? What additional services does the district provide to early childhood at-risk subgroups? \n\n\n\n\n"}]
[null,"SPED",null,null,null,null,null,null,"Priority 1.14-1.15","What early childhood access and opportunities does your district provide for your community to ensure kindergarten readiness? What additional services does the district provide to early childhood at-risk subgroups? \n\n\n\n\n"]
[null,"EL",null,null,null,null,null,null,"Priority 1.14-1.15","What early childhood access and opportunities does your district provide for your community to ensure kindergarten readiness? What additional services does the district provide to early childhood at-risk subgroups? \n\n\n\n\n"]
[null,"Migrant ",null,null,null,null,null,null,"Priority 1.14-1.15","What early childhood access and opportunities does your district provide for your community to ensure kindergarten readiness? What additional services does the district provide to early childhood at-risk subgroups? \n\n\n\n\n"]
[null,null,null,null,null,null,null,null,"Priority 1.14-1.15","What early childhood access and opportunities does your district provide for your community to ensure kindergarten readiness? What additional services does the district provide to early childhood at-risk subgroups? \n\n\n\n\n"]
[null,null,null,null,null,null,null,null,"Priority 1.14-1.15","What early childhood access and opportunities does your district provide for your community to ensure kindergarten readiness? What additional services does the district provide to early childhood at-risk subgroups? \n\n\n\n\n"]
[null,null,null,null,null,null,null,null,"Priority 1.14-1.15","What early childhood access and opportunities does your district provide for your community to ensure kindergarten readiness? What additional services does the district provide to early childhood at-risk subgroups? \n\n\n\n\n"]
[]
["Priority 1.16"]
["For the 2025-26 school year, districts are required to offer at least one success-ready pathway aligned to the high-wage and high-growth requirement. Which success-ready pathway(s) will your district offer that aligns to these requirements?"]
[]
[]
[]
[]
[]
["Family and Community Engagement"]
["Priority 1.17-1.18"]
["What actions and activities does the district provide to promote Family and Community Engagement?",null,null,null,null,null,null,null,{"$f":"$A$107","v":"Priority 1.17-1.18"},{"$f":"$A$108","v":"What actions and activities does the district provide to promote Family and Community Engagement?"}]
[null,null,null,null,null,null,null,null,"Priority 1.17-1.18","What actions and activities does the district provide to promote Family and Community Engagement?"]
[null,null,null,null,null,null,null,null,"Priority 1.17-1.18","What actions and activities does the district provide to promote Family and Community Engagement?"]
[null,null,null,null,null,null,null,null,"Priority 1.17-1.18","What actions and activities does the district provide to promote Family and Community Engagement?"]
[null,null,null,null,null,null,null,null,"Priority 1.17-1.18","What actions and activities does the district provide to promote Family and Community Engagement?"]
[null,null,null,null,null,null,null,null,"Priority 1.17-1.18","What actions and activities does the district provide to promote Family and Community Engagement?"]
[null,null,null,null,null,null,null,null,"Priority 1.17-1.18","What actions and activities does the district provide to promote Family and Community Engagement?"]
[]
["Improving Academic Outcomes Grand Total",null,{"$f":"SUM(C16:C114)","v":0}]
["Safe and Healthy Schools"]
[]
["Priority 2.1"]
["How does the district promote and improve school climate? ",null,null,null,null,null,null,null,{"$f":"$A$119","v":"Priority 2.1"},{"$f":"$A$120","v":"How does the district promote and improve school climate? "}]
[null,null,null,null,null,null,null,null,"Priority 2.1","How does the district promote and improve school climate? "]
[null,null,null,null,null,null,null,null,"Priority 2.1","How does the district promote and improve school climate? "]
[null,null,null,null,null,null,null,null,"Priority 2.1","How does the district promote and improve school climate? "]
[null,null,null,null,null,null,null,null,"Priority 2.1","How does the district promote and improve school climate? "]
[null,null,null,null,null,null,null,null,"Priority 2.1","How does the district promote and improve school climate? "]
[null,null,null,null,null,null,null,null,"Priority 2.1","How does the district promote and improve school climate? "]
[]
["Priority 2.2"]
["What is the district’s plan to provide access to mental health services? ",null,null,null,null,null,null,null,{"$f":"$A$128","v":"Priority 2.2"},{"$f":"$A$129","v":"What is the district’s plan to provide access to mental health services? "}]
[null,null,null,null,null,null,null,null,"Priority 2.2","What is the district’s plan to provide access to mental health services? "]
[null,null,null,null,null,null,null,null,"Priority 2.2","What is the district’s plan to provide access to mental health services? "]
[null,null,null,null,null,null,null,null,"Priority 2.2","What is the district’s plan to provide access to mental health services? "]
[null,null,null,null,null,null,null,null,"Priority 2.2","What is the district’s plan to provide access to mental health services? "]
[null,null,null,null,null,null,null,null,"Priority 2.2","What is the district’s plan to provide access to mental health services? "]
[null,null,null,null,null,null,null,null,"Priority 2.2","What is the district’s plan to provide access to mental health services? "]
[]
["Priority 2.4"]
["How does the district progress monitor and support the students identified by the processes in the previous question?",null,null,null,null,null,null,null,{"$f":"$A$137","v":"Priority 2.4"},{"$f":"$A$138","v":"How does the district progress monitor and support the students identified by the processes in the previous question?"}]
[null,null,null,null,null,null,null,null,"Priority 2.4","How does the district progress monitor and support the students identified by the processes in the previous question?"]
[null,null,null,null,null,null,null,null,"Priority 2.4","How does the district progress monitor and support the students identified by the processes in the previous question?"]
[null,null,null,null,null,null,null,null,"Priority 2.4","How does the district progress monitor and support the students identified by the processes in the previous question?"]
[null,null,null,null,null,null,null,null,"Priority 2.4","How does the district progress monitor and support the students identified by the processes in the previous question?"]
[null,null,null,null,null,null,null,null,"Priority 2.4","How does the district progress monitor and support the students identified by the processes in the previous question?"]
[null,null,null,null,null,null,null,null,"Priority 2.4","How does the district progress monitor and support the students identified by the processes in the previous question?"]
[]
["Priority 2.5"]
["What efforts does the district take to reduce the overuse of discipline practices that remove students from the classroom? [ESEA § 1112(b)(11)]",null,null,null,null,null,null,null,{"$f":"$A$155","v":"Priority 2.6-2.7"},{"$f":"$A$156","v":"Health & Wellness"}]
[null,null,null,null,null,null,null,null,"Priority 2.6-2.7","Health & Wellness"]
[null,null,null,null,null,null,null,null,"Priority 2.6-2.7","Health & Wellness"]
[null,null,null,null,null,null,null,null,"Priority 2.6-2.7","Health & Wellness"]
[null,null,null,null,null,null,null,null,"Priority 2.6-2.7","Health & Wellness"]
[null,null,null,null,null,null,null,null,"Priority 2.6-2.7","Health & Wellness"]
[null,null,null,null,null,null,null,null,"Priority 2.6-2.7","Health & Wellness"]
[]
["Priority 2.6-2.7"]
["Health & Wellness",null,null,null,null,null,null,null,{"$f":"$A$155","v":"Priority 2.6-2.7"},{"$f":"$A$156","v":"Health & Wellness"}]
[null,null,null,null,null,null,null,null,"Priority 2.6-2.7","Health & Wellness"]
[null,null,null,null,null,null,null,null,"Priority 2.6-2.7","Health & Wellness"]
[null,null,null,null,null,null,null,null,"Priority 2.6-2.7","Health & Wellness"]
[null,null,null,null,null,null,null,null,"Priority 2.6-2.7","Health & Wellness"]
[null,null,null,null,null,null,null,null,"Priority 2.6-2.7","Health & Wellness"]
[null,null,null,null,null,null,null,null,"Priority 2.6-2.7","Health & Wellness"]
[]
["Safe and Healthy Schools Grand Total",null,{"$f":"SUM(C119:C162)","v":0}]
["Quality Educational Workforce"]
[]
["Priority 3.3"]
["How does the district address any disparities that result in the above groups being taught at higher rates than other students by ineffective, inexperienced, or out-of-field teachers?  [ESEA § 1112(b)(2)]",null,null,null,null,null,null,null,{"$f":"$A$167","v":"Priority 3.3"},{"$f":"$A$168","v":"How does the district address any disparities that result in the above groups being taught at higher rates than other students by ineffective, inexperienced, or out-of-field teachers?  [ESEA § 1112(b)(2)]"}]
[null,null,null,null,null,null,null,null,"Priority 3.3","How does the district address any disparities that result in the above groups being taught at higher rates than other students by ineffective, inexperienced, or out-of-field teachers?  [ESEA § 1112(b)(2)]"]
[null,null,null,null,null,null,null,null,"Priority 3.3","How does the district address any disparities that result in the above groups being taught at higher rates than other students by ineffective, inexperienced, or out-of-field teachers?  [ESEA § 1112(b)(2)]"]
[null,null,null,null,null,null,null,null,"Priority 3.3","How does the district address any disparities that result in the above groups being taught at higher rates than other students by ineffective, inexperienced, or out-of-field teachers?  [ESEA § 1112(b)(2)]"]
[null,null,null,null,null,null,null,null,"Priority 3.3","How does the district address any disparities that result in the above groups being taught at higher rates than other students by ineffective, inexperienced, or out-of-field teachers?  [ESEA § 1112(b)(2)]"]
[null,null,null,null,null,null,null,null,"Priority 3.3","How does the district address any disparities that result in the above groups being taught at higher rates than other students by ineffective, inexperienced, or out-of-field teachers?  [ESEA § 1112(b)(2)]"]
[null,null,null,null,null,null,null,null,"Priority 3.3","How does the district address any disparities that result in the above groups being taught at higher rates than other students by ineffective, inexperienced, or out-of-field teachers?  [ESEA § 1112(b)(2)]"]
[]
["Priority 3.5"]
["What additional support does the district provide to educators who are unlicensed or teaching outside their area of expertise? ",null,null,null,null,null,null,null,{"$f":"$A$176","v":"Priority 3.5"},{"$f":"$A$177","v":"What additional support does the district provide to educators who are unlicensed or teaching outside their area of expertise? "}]
[null,null,null,null,null,null,null,null,"Priority 3.5","What additional support does the district provide to educators who are unlicensed or teaching outside their area of expertise? "]
[null,null,null,null,null,null,null,null,"Priority 3.5","What additional support does the district provide to educators who are unlicensed or teaching outside their area of expertise? "]
[null,null,null,null,null,null,null,null,"Priority 3.5","What additional support does the district provide to educators who are unlicensed or teaching outside their area of expertise? "]
[null,null,null,null,null,null,null,null,"Priority 3.5","What additional support does the district provide to educators who are unlicensed or teaching outside their area of expertise? "]
[null,null,null,null,null,null,null,null,"Priority 3.5","What additional support does the district provide to educators who are unlicensed or teaching outside their area of expertise? "]
[null,null,null,null,null,null,null,null,"Priority 3.5","What additional support does the district provide to educators who are unlicensed or teaching outside their area of expertise? "]
[]
["Priority 3.6"]
["What additional compensation will the district offer for mentor teachers, lead/master designation, identified shortage areas, or greatest areas of need identified locally? [ESEA § 2103(b)]",null,null,null,null,null,null,null,{"$f":"$A$185","v":"Priority 3.6"},{"$f":"$A$186","v":"What additional compensation will the district offer for mentor teachers, lead/master designation, identified shortage areas, or greatest areas of need identified locally? [ESEA § 2103(b)]"}]
[null,null,null,null,null,null,null,null,"Priority 3.6","What additional compensation will the district offer for mentor teachers, lead/master designation, identified shortage areas, or greatest areas of need identified locally? [ESEA § 2103(b)]"]
[null,null,null,null,null,null,null,null,"Priority 3.6","What additional compensation will the district offer for mentor teachers, lead/master designation, identified shortage areas, or greatest areas of need identified locally? [ESEA § 2103(b)]"]
[null,null,null,null,null,null,null,null,"Priority 3.6","What additional compensation will the district offer for mentor teachers, lead/master designation, identified shortage areas, or greatest areas of need identified locally? [ESEA § 2103(b)]"]
[null,null,null,null,null,null,null,null,"Priority 3.6","What additional compensation will the district offer for mentor teachers, lead/master designation, identified shortage areas, or greatest areas of need identified locally? [ESEA § 2103(b)]"]
[null,null,null,null,null,null,null,null,"Priority 3.6","What additional compensation will the district offer for mentor teachers, lead/master designation, identified shortage areas, or greatest areas of need identified locally? [ESEA § 2103(b)]"]
[null,null,null,null,null,null,null,null,"Priority 3.6","What additional compensation will the district offer for mentor teachers, lead/master designation, identified shortage areas, or greatest areas of need identified locally? [ESEA § 2103(b)]"]
[]
["Quality Educational Workforce Grand Total",null,{"$f":"SUM(C167:C192)","v":0}]
["State Programs"]
[]
["State Programs 1.1"]
["ALE Programs",null,null,null,null,null,null,null,{"$f":"$A$197","v":"State Programs 1.1"},{"$f":"$A$198","v":"ALE Programs"}]
[null,null,null,null,null,null,null,null,"State Programs 1.1","ALE Programs"]
[null,null,null,null,null,null,null,null,"State Programs 1.1","ALE Programs"]
[null,null,null,null,null,null,null,null,"State Programs 1.1","ALE Programs"]
[null,null,null,null,null,null,null,null,"State Programs 1.1","ALE Programs"]
[null,null,null,null,null,null,null,null,"State Programs 1.1","ALE Programs"]
[]
["State Programs 1.2 "]
["English Language Personnel ",null,null,null,null,null,null,null,{"$f":"$A$205","v":"State Programs 1.2 "},{"$f":"$A$206","v":"English Language Personnel "}]
[null,null,null,null,null,null,null,null,"State Programs 1.2 ","English Language Personnel "]
[null,null,null,null,null,null,null,null,"State Programs 1.2 ","English Language Personnel "]
[null,null,null,null,null,null,null,null,"State Programs 1.2 ","English Language Personnel "]
[null,null,null,null,null,null,null,null,"State Programs 1.2 ","English Language Personnel "]
[null,null,null,null,null,null,null,null,"State Programs 1.2 ","English Language Personnel "]
[null,null,null,null,null,null,null,null,"State Programs 1.2 ","English Language Personnel "]
[]
["State Programs 1.3-1.5"]
[" Gifted & Talented Program",null,null,null,null,null,null,null,{"$f":"$A$214","v":"State Programs 1.3-1.5"},{"$f":"$A$215","v":" Gifted & Talented Program"}]
[null,null,null,null,null,null,null,null,"State Programs 1.3-1.5"," Gifted & Talented Program"]
[null,null,null,null,null,null,null,null,"State Programs 1.3-1.5"," Gifted & Talented Program"]
[null,null,null,null,null,null,null,null,"State Programs 1.3-1.5"," Gifted & Talented Program"]
[null,null,null,null,null,null,null,null,"State Programs 1.3-1.5"," Gifted & Talented Program"]
[null,null,null,null,null,null,null,null,"State Programs 1.3-1.5"," Gifted & Talented Program"]
[null,null,null,null,null,null,null,null,"State Programs 1.3-1.5"," Gifted & Talented Program"]
[]
["State Programs 1.6 ESA "]
["Does the school district intends to transfer ESA funds to other programs?",null,null,null,null,null,null,null,{"$f":"$A$223","v":"State Programs 1.6 ESA "},{"$f":"$A$224","v":"Does the school district intends to transfer ESA funds to other programs?"}]
[null,null,null,null,null,null,null,null,"State Programs 1.6 ESA ","Does the school district intends to transfer ESA funds to other programs?"]
[null,null,null,null,null,null,null,null,"State Programs 1.6 ESA ","Does the school district intends to transfer ESA funds to other programs?"]
[null,null,null,null,null,null,null,null,"State Programs 1.6 ESA ","Does the school district intends to transfer ESA funds to other programs?"]
[null,null,null,null,null,null,null,null,"State Programs 1.6 ESA ","Does the school district intends to transfer ESA funds to other programs?"]
[null,null,null,null,null,null,null,null,"State Programs 1.6 ESA ","Does the school district intends to transfer ESA funds to other programs?"]
[null,null,null,null,null,null,null,null,"State Programs 1.6 ESA ","Does the school district intends to transfer ESA funds to other programs?"]
[]
["State Programs Grand Total",null,{"$f":"SUM(C197:C230)","v":0}]
[]
["Other District Expenses"]
["Are there any other necessary purchases your district will make not aligned to the AR App priorities?"]
[]
[]
[]
[]
[]
[]
["Other Grand Total",null,{"$f":"SUM(C235:C241)","v":0}]

{"sheet":"Funding Sources","index":4,"n_rows":259,"n_cols":4,"rows_kept":259,"cut":false,"hidden":true,"merged":[[124,0,131,0],[213,0,220,0],[221,0,227,0],[229,0,231,0],[232,0,235,0],[182,0,189,0],[190,0,197,0],[4,0,7,0],[8,0,19,0],[20,0,29,0],[30,0,37,0],[38,0,47,0],[48,0,53,0],[54,0,59,0],[60,0,66,0],[67,0,76,0],[77,0,84,0],[85,0,92,0],[103,0,114,0],[242,0,258,0],[93,0,102,0],[198,0,205,0],[206,0,212,0],[236,0,238,0],[174,0,180,0],[115,0,117,0],[118,0,123,0],[239,0,240,0],[133,0,140,0],[141,0,148,0],[149,0,156,0],[157,0,164,0],[165,0,173,0]]}
[null,null,null,"Is this a new expenditure?"]
[null,null,null,"Yes"]
[null,null,null,"No"]
[]
["P1.1","ESA- 2281"]
[null,"Operating"]
[null,"Grant"]
[null,"Other"]
["P1.2","ALE- 2275"]
[null,"ELL- 2276"]
[null,"ESA- 2281"]
[null,"Grant"]
[null,"Operating"]
[null,"PD- 2223"]
[null,"Title I-A 6501"]
[null,"Title II- 6756"]
[null,"Title III-ESOL- 6761-ESOL"]
[null,"IDEA Part B (3-21) Budget - 6702"]
[null,"Title V- 6784"]
[null,"Other"]
["P1.3","ALE- 2275"]
[null,"ELL- 2276"]
[null,"ESA- 2281"]
[null,"Operating"]
[null,"Title I-A 6501"]
[null,"Title III-ESOL- 6761-ESOL"]
[null,"Title IV- 6786"]
[null,"Title V- 6784"]
[null,"IDEA Part B (3-21) Budget - 6702"]
[null,"Other"]
["P1.4","ESA- 2281"]
[null,"Operating"]
[null,"PD- 2223"]
[null,"Title I-A 6501"]
[null,"Title II- 6756"]
[null,"Title V- 6784"]
[null,"IDEA Part B (3-21) Budget - 6702"]
[null,"Other"]
["P1.5","ELL- 2276"]
[null,"ESA- 2281"]
[null,"Operating"]
[null,"PD- 2223"]
[null,"Title I-A 6501"]
[null,"Title II- 6756"]
[null,"Title III-ESOL- 6761-ESOL"]
[null,"Title V- 6784"]
[null,"IDEA Part B (3-21) Budget - 6702"]
[null,"Other"]
["P1.6","ESA- 2281"]
[null,"Operating"]
[null,"Title I-A 6501"]
[null,"Title V- 6784"]
[null,"IDEA Part B (3-21) Budget - 6702"]
[null,"Other"]
["P1.7","ESA- 2281"]
[null,"Operating"]
[null,"Title I-A 6501"]
[null,"Title V- 6784"]
[null,"IDEA Part B (3-21) Budget - 6702"]
[null,"Other"]
["P1.8 and P1.9","ESA- 2281"]
[null,"Operating"]
[null,"Title I-A 6501"]
[null,"Title IV- 6786"]
[null,"Title V- 6784"]
[null,"IDEA Part B (3-21) Budget - 6702"]
[null,"Other"]
["P1.10 and P1.11","ALE- 2275"]
[null,"ELL- 2276"]
[null,"ESA- 2281"]
[null,"Operating"]
[null,"Title I-A 6501"]
[null,"Title I-C 6502"]
[null,"Title IV- 6786"]
[null,"Title V- 6784"]
[null,"IDEA Part B (3-21) Budget - 6702"]
[null,"Other"]
["P1.12","ESA- 2281"]
[null,"Operating"]
[null,"State EC SPED Budget - 2260"]
[null,"Title I-A 6501"]
[null,"Title I-C 6502"]
[null,"Title V- 6784"]
[null,"IDEA Part B (3-21) Budget - 6702"]
[null,"Other"]
["P1.13","ELL- 2276"]
[null,"ESA- 2281"]
[null,"Operating"]
[null,"Title I-A 6501"]
[null,"Title I-C 6502"]
[null,"Title III-ESOL- 6761-ESOL"]
[null,"IDEA Part B (3-21) Budget - 6702"]
[null,"Other"]
["P1.14","ABC- 2365"]
[null,"ESA- 2281"]
[null,"Operating"]
[null,"State EC SPED Budget - 2260"]
[null,"Title I-A 6501"]
[null,"Title I-C 6502"]
[null,"Title V- 6784"]
[null,"IDEA Part B (3-5) Budget - 6710"]
[null,"IDEA Part B (3-21) Budget - 6702"]
[null,"Other"]
["P1.15","ABC- 2365"]
[null,"ELL- 2276"]
[null,"ESA- 2281"]
[null,"Operating"]
[null,"State EC SPED Budget - 2260"]
[null,"Title I-A 6501"]
[null,"Title I-C 6502"]
[null,"Title III-ESOL- 6761-ESOL"]
[null,"Title V- 6784"]
[null,"IDEA Part B (3-5) Budget - 6710"]
[null,"IDEA Part B (3-21) Budget - 6702"]
[null,"Other"]
["P1.16","Operating"]
[null,"Title I-A 6501"]
[null,"Other"]
["P1.17 and P1.18","ESA- 2281"]
[null,"Operating"]
[null,"Title I-A 6501"]
[null,"Title V- 6784"]
[null,"IDEA Part B (3-5) Budget - 6710"]
[null,"Other"]
["P1.19","ALE- 2275"]
[null,"ELL- 2276"]
[null,"ESA- 2281"]
[null,"Operating"]
[null,"Title I-A 6501"]
[null,"Title V- 6784"]
[null,"IDEA Part B (3-21) Budget - 6702"]
[null,"Other"]
[]
["P2.1","ARMAC- 6752- 6752"]
[null,"ESA- 2281"]
[null,"Operating"]
[null,"Title I-A 6501"]
[null,"Title IV- 6786"]
[null,"Title V- 6784"]
[null,"IDEA Part B (3-21) Budget - 6702"]
[null,"Other"]
["P2.2","ARMAC- 6752"]
[null,"ESA- 2281"]
[null,"Operating"]
[null,"Title I-A 6501"]
[null,"Title IV- 6786"]
[null,"Title V- 6784"]
[null,"IDEA Part B (3-21) Budget - 6702"]
[null,"Other"]
["P2.3","ARMAC- 6752"]
[null,"ESA- 2281"]
[null,"Operating"]
[null,"Title I-A 6501"]
[null,"Title IV- 6786"]
[null,"Title V- 6784"]
[null,"IDEA Part B (3-21) Budget - 6702"]
[null,"Other"]
["P2.4","ARMAC- 6752"]
[null,"ESA- 2281"]
[null,"Operating"]
[null,"Title I-A 6501"]
[null,"Title IV- 6786"]
[null,"Title V- 6784"]
[null,"IDEA Part B (3-21) Budget - 6702"]
[null,"Other"]
["P2.5","ALE- 2275"]
[null,"ESA- 2281"]
[null,"Operating"]
[null,"PD- 2223"]
[null,"Title I-A 6501"]
[null,"Title IV- 6786"]
[null,"Title V- 6784"]
[null,"IDEA Part B (3-21) Budget - 6702"]
[null,"Other"]
["2.6 and 2.7 Health","ARMAC- 6752"]
[null,"ESA- 2281"]
[null,"Operating"]
[null,"Title I-A 6501"]
[null,"Title IV- 6786"]
[null,"Title V- 6784"]
[null,"Other"]
[]
["P3.1","ESA- 2281"]
[null,"Operating"]
[null,"Title I-A 6501"]
[null,"Title II- 6756"]
[null,"Title III-ESOL- 6761-ESOL"]
[null,"Title V- 6784"]
[null,"IDEA Part B (3-21) Budget - 6702"]
[null,"Other"]
["P3.2","ESA- 2281"]
[null,"Operating"]
[null,"Title I-A 6501"]
[null,"Title II- 6756"]
[null,"Title III-ESOL- 6761-ESOL"]
[null,"Title V- 6784"]
[null,"IDEA Part B (3-21) Budget - 6702"]
[null,"Other"]
["P3.3","ESA- 2281"]
[null,"Operating"]
[null,"Title I-A 6501"]
[null,"Title II- 6756"]
[null,"Title III-ESOL- 6761-ESOL"]
[null,"Title V- 6784"]
[null,"IDEA Part B (3-21) Budget - 6702"]
[null,"Other"]
["P3.4","ESA- 2281"]
[null,"Operating"]
[null,"Title I-A 6501"]
[null,"Title II- 6756"]
[null,"Title V- 6784"]
[null,"IDEA Part B (3-21) Budget - 6702"]
[null,"Other"]
["P3.5","ESA- 2281"]
[null,"Operating"]
[null,"PD- 2223"]
[null,"Title I-A 6501"]
[null,"Title II- 6756"]
[null,"Title V- 6784"]
[null,"IDEA Part B (3-21) Budget - 6702"]
[null,"Other"]
["P3.6","ESA- 2281"]
[null,"Operating"]
[null,"Title I-A 6501"]
[null,"Title II- 6756"]
[null,"Title V- 6784"]
[null,"IDEA Part B (3-21) Budget - 6702"]
[null,"Other"]
[]
["1.1 ALE","ALE- 2275"]
[null,"IDEA Part B (3-21) Budget - 6702"]
[null,"Other"]
["1.2 EL","ELL- 2276"]
[null,"ESA- 2281"]
[null,"Operating"]
[null,"Other"]
["1.3, 1.4, 1.5 GT","ESA- 2281"]
[null,"Operating"]
[null,"Other"]
["1.6 ESA","ESA- 2281"]
[null,"Other"]
[]
["Other","ALE- 2275"]
[null,"ELL- 2276"]
[null,"ESA- 2281"]
[null,"Grant"]
[null,"Operating"]
[null,"PD- 2223"]
[null,"Title I-A 6501"]
[null,"Title II- 6756"]
[null,"Title III-ESOL- 6761-ESOL"]
[null,"IDEA Part B (3-21) Budget - 6702"]
[null,"Title V- 6784"]
[null,"ARMAC- 6752"]
[null,"IDEA Part B (3-5) Budget - 6710"]
[null,"Title I-C 6502"]
[null,"Title V- 6784"]
[null,"State EC SPED Budget - 2260"]
[null,"Other"]

{"sheet":"Carryover","index":5,"n_rows":261,"n_cols":22,"rows_kept":261,"cut":false,"hidden":true,"merged":[]}
[null,null,3,4,5,6,7,8,9,11,12,13,14,15,16,17,18,19,20,21,22,23]
["District LEA","District Name","ALE: 2275","ELL: 2276","ESA: 2281","PD: 2223","ABC","Medicaid: 6750","ARMAC: 6752 ","Grant","GT Required Expenditure","Operating","Fed Early Childhood SPED: 6710","State Early Childhood SPED: 2260","Title I - A:  6501","Title I - C: 6502","Title I - D: 6510","Title II: 6756","Title III-ESOL: 6761","Title IV: 6786","Title V: 6784","IDEA Part B: 6702"]
["9999","Sample District",3627.93,2314.13,12745.31,175.59,null,null,null,null,null,null,28.69,306.8,20803.91,8428,238.78,4518.9799999999996,11657.27,4250.38,200,51686.79]
["0101","DEWITT",0,4497.7700000000004,40883.93,16755.900000000001,null,null,null,null,null,null,"                          -  ",11919.49,72701.64,null,null,0,null,null,1667.82,"                               -  "]
["0104","STUTTGART           ",0,0,27683.41,24557.919999999998,null,null,null,null,null,null,"                          -  ","                                               -  ",87438.69,null,null,63139,0,5241.8999999999996,4729.5,66433.279999999999]
["0201","CROSSETT            ",0,897.46,0,1532.18,null,null,null,null,null,null,"                          -  ","                                               -  ",21928.46,null,null,0,null,null,1544.06,13818.11]
["0203","HAMBURG",2918.57,2830,26429,62598.97,null,null,null,null,null,null,"                          -  ","                                               -  ",32762.27,33307.72,null,19757.48,13587.96,null,1218.76,38277.94]
["0302","COTTER              ",0,16416.05,34076.78,22336.35,null,null,null,null,null,null,3.06,"                                               -  ",167118.35999999999,null,null,0,null,null,null,"                               -  "]
["0303","MOUNTAIN HOME       ",45216.04,704,2632.67,117502.86,null,null,null,null,null,null,"                          -  ","                                               -  ",179475.88,null,null,58100.37,null,null,null,15595.32]
["0304","NORFORK             ",0,106648.22,574.80999999999995,2603.5100000000002,null,null,null,null,null,null,3227.84,"                                               -  ",43678.36,null,null,0,null,240.41,null,61000]
["0401","BENTONVILLE",185591.78,0,0,152659.01,null,null,null,null,null,null,"                          -  ","                                               -  ",145296.12,null,17551.669999999998,462998.97,160849.45000000001,137864.01999999999,null,190517.78]
["0402","DECATUR             ",1188.76,0,10715.65,0,null,null,null,null,null,null,81.22,6878.49,2584.63,null,null,0,4445.37,9082.2199999999993,null,62443.41]
["0403","GENTRY              ",0,0,55643.35,1870.2,null,null,null,null,null,null,10636.48,3781.32,28676.44,null,null,4301.8599999999997,13492.87,null,null,188350.21]
["0404","GRAVETTE            ",0,0,24840.34,2843.47,null,null,null,null,null,null,9476.92,7868.1,11044.33,null,null,80839.850000000006,null,null,null,19677.12]
["0405","ROGERS              ",0,66316.11,402307.84000000003,0,null,null,null,null,null,null,1140.51,"                                               -  ",332208.53999999998,null,null,113821.86,207052.07,null,null,289151.78000000003]
["0406","SILOAM SPRINGS      ",0,3888.17,45595.64,55131.08,null,null,null,null,null,null,"                          -  ","                                               -  ",100257.92,0,null,33170.519999999997,32599.69,4956.09,null,"                               -  "]
["0407","PEA RIDGE           ",4021.95,26589.41,40316.54,5913.56,null,null,null,null,null,null,"                          -  ","                                               -  ",68061.42,null,null,21080.71,null,7496.64,null,124903.87]
["0440","ARKANSAS ARTS ACADEMY",0,4343.46,27772.400000000001,12397.49,null,null,null,null,null,null,6280.5,34039.519999999997,31377.73,null,null,0,null,null,null,38578.28]
["0442","FOUNDERS CLASSICAL ACADEMY",0,0,3961.45,38345.449999999997,null,null,null,null,null,null,2753.79,306.8,500,null,null,0,7971.35,1956.82,null,4480.04]
["0444","ARKANSAS CONNECTIONS ACADEMY",0,0,0,0,null,null,null,null,null,null,"                          -  ",null,88982.28,null,null,0,null,null,null,41517.760000000002]
["0446","SCHOOL FOR ADVANCED STUDIES",0,0,0,0,null,null,null,null,null,null,7449.87,null,null,null,null,null,null,null,null,"                               -  "]
["0448","GARFIELD SCHOLARS ACADEMY",0,4237.6099999999997,161.09,3638,null,null,null,null,null,null,"                          -  ",null,null,null,null,null,null,null,null,"                               -  "]
["0501","ALPENA              ",3627.93,2314.13,12745.31,175.59,null,null,null,null,null,null,1.87,"                                               -  ",23791.27,null,null,2975.01,null,1546.7,null,655.69]
["0502","BERGMAN             ",5039.0200000000004,0,9692.61,3522.96,null,null,null,null,null,null,"                          -  ","                                               -  ",16439.63,null,null,10247.01,null,3472.59,null,18745.91]
["0503","HARRISON            ",0,785.41,9028.59,0,null,null,null,null,null,null,"                          -  ","                                               -  ",5737.87,null,null,572.1,null,108.74,null,"                               -  "]
["0504","OMAHA               ",675.72,457.6,7.9,14539.85,null,null,null,null,null,null,1.6,"                                               -  ",null,null,null,2489.0300000000002,null,745.63,null,4166.43]
["0505","VALLEY SPRINGS      ",1390.28,4357,0,32238.71,null,null,null,null,null,null,"                          -  ",732.35,34682.43,null,null,13942.26,null,8671.1299999999992,null,"                               -  "]
["0506","LEAD HILL           ",0,0,0,0,null,null,null,null,null,null,1686.37,255.5,7028.39,null,null,0,null,null,null,946.22]
["0601","HERMITAGE           ",0,124210.32,11300.9,0,null,null,null,null,null,null,"                          -  ",5971.32,25035.45,164248.53,null,0,null,null,null,10229.370000000001]
["0602","WARREN              ",6803.86,0,68962.87,12306.95,null,null,null,null,null,null,"                          -  ","                                               -  ",241642.01,70337.5,null,0,22142.29,47324.55,null,305208.84999999998]
["0701","HAMPTON             ",1330.98,0,17812.11,0,null,null,null,null,null,null,"                          -  ","                                               -  ",7827.3,null,null,2226.11,null,null,null,1813.41]
["0801","BERRYVILLE          ",2948.77,0,156086.56,13668.56,null,null,null,null,null,null,"                          -  ",0.01,80481.149999999994,8428,null,23658.12,15534.69,null,null,6476.39]
["0802","EUREKA SPRINGS      ",0,10542.8,0,0,null,null,null,null,null,null,"                          -  ","                                               -  ",2729.34,null,null,0,null,null,null,"                               -  "]
["0803","GREEN FOREST        ",0,4304.57,17731.95,0,null,null,null,null,null,null,"                          -  ","                                               -  ",29794.6,27036.14,null,19902.28,5785.01,14416.52,null,12960.31]
["0901","DERMOTT             ",0,351.33,5353.15,1872.25,null,null,null,null,null,null,"                          -  ",0.01,48847.72,null,null,0,null,null,200,3316.34]
["0903","LAKESIDE ",440.28,13253.4,400,0,null,null,null,null,null,null,"                          -  ","                                               -  ",123658.53,null,null,46477.61,null,2744.08,7598.5,949.41]
["1002","ARKADELPHIA         ",0,0,44291.6,4195.62,null,null,null,null,null,null,"                          -  ","                                               -  ",55869.75,null,null,0,null,9007.93,null,20527.759999999998]
["1003","GURDON              ",0,180.86,0,3045.62,null,null,null,null,null,null,"                          -  ","                                               -  ",9999.0400000000009,null,null,0,null,null,null,5024.3100000000004]
["1101","CORNING",12164.74,619.82000000000005,19571.38,0,null,null,null,null,null,null,"                          -  ","                                               -  ",10346.219999999999,null,null,0,null,null,null,151058.43]
["1104","PIGGOTT             ",702.36,1432.3,4522.51,1650.67,null,null,null,null,null,null,"                          -  ","                                               -  ",57127.87,null,null,0,null,null,862.07,8743.7800000000007]
["1106","RECTOR         ",843.26,4392,0,0,null,null,null,null,null,null,"                          -  ","                                               -  ",305.3,null,null,141.87,null,67.97,null,61965.07]
["1201","CONCORD",0,0,12426.08,0,null,null,null,null,null,null,"                          -  ","                                               -  ",60103.97,null,null,0,null,null,null,2699.77]
["1202","HEBER SPRINGS       ",0,5360.62,17117.43,6289.5,null,null,null,null,null,null,"                          -  ","                                               -  ",91837.93,null,null,0,null,null,2934.03,65103.29]
["1203","QUITMAN             ",9125.07,4071,0,0,null,null,null,null,null,null,3.74,"                                               -  ",14324.83,null,null,8718.36,null,9992.83,"                  -  ",89704.68]
["1204","WEST SIDE     ",0,11836.57,0,0,null,null,null,null,null,null,"                          -  ","                                               -  ",59946.03,null,null,23954.43,null,7058.83,null,13985.46]
["1304","WOODLAWN            ",1133.17,0,4628.45,0,null,null,null,null,null,null,"                          -  ","                                               -  ",13413.98,null,null,8691.9,null,null,null,105737.98]
["1305","CLEVELAND COUNTY",0,5980.13,0,0,null,null,null,null,null,null,"                          -  ","                                               -  ",62893.67,null,null,0,null,null,209.12,19564.23]
["1402","MAGNOLIA",205.05,5490,1176.21,23480.2,null,null,null,null,null,null,60363.79,51967.58,43357.29,null,null,14705.94,null,7483.64,36552.559999999998,56020.58]
["1408","EMERSON-TAYLOR-BRADLEY",0,4171.95,19702,8823.2199999999993,null,null,null,null,null,null,"                          -  ",7970.22,59796.18,null,null,0,null,null,12628.08,58.69]
["1503","NEMO VISTA          ",0,1431.75,17023.759999999998,17457.150000000001,null,null,null,null,null,null,"                          -  ","                                               -  ",11428.23,null,null,0,null,5279.2,null,2294.38]
["1505","WONDERVIEW          ",0,0,16344.59,0,null,null,null,null,null,null,"                          -  ","                                               -  ",34223.79,null,null,0,null,null,null,3419.15]
["1507","SO CONWAY COUNTY",0,4354.79,0,22650.44,null,null,null,null,null,null,"                          -  ","                                               -  ",134419.22,null,null,0,143.47,null,11307.66,32773.31]
["1601","BAY                 ",486,19931.240000000002,0,1168.42,null,null,null,null,null,null,"                          -  ","                                               -  ",2952.04,null,null,0,null,null,null,41704.129999999997]
["1602","WESTSIDE CONSOLIDATED      ",0,34535.410000000003,28013.23,7586.46,null,null,null,null,null,null,"                          -  ","                                               -  ",129952.49,null,null,0,null,null,"                  -  ",60934.79]
["1603","BROOKLAND           ",0,5396.47,5872.78,40580.83,null,null,null,null,null,null,"                          -  ",0.06,7355.13,null,null,8792.5499999999993,null,null,null,33582.06]
["1605","BUFFALO ISLAND CENTRAL",0,25090.93,25621.26,3598.04,null,null,null,null,null,null,"                          -  ",0.01,83656.191999999995,30872.132000000001,null,9293.2099999999991,null,1736.66,1222.23,231.48]
["1608","JONESBORO           ",132096,17634.849999999999,649166.73,267320.25,null,null,null,null,null,null,"                          -  ","                                               -  ",663772.67000000004,null,null,0,34660.82,null,null,122071.52]
["1611","NETTLETON           ",0,0,76489.320000000007,2272.66,null,null,null,null,null,null,0.01,"                                               -  ",207476.6,11266.648499999999,null,0,12749.81,93649.21,null,76402.67]
["1612","VALLEY VIEW         ",0,0,138.66999999999999,17899.240000000002,null,null,null,null,null,null,"                          -  ","                                               -  ",23819.74,null,null,0,12983.24,null,null,18467.439999999999]
["1613","RIVERSIDE           ",0,6976.52,10067.219999999999,0,null,null,null,null,null,null,"                          -  ","                                               -  ",3760.25,null,null,0,null,null,null,277.29000000000002]
["1701","ALMA                ",11433.99,4764.92,54799.39,8539.5,null,null,null,null,null,null,"                          -  ","                                               -  ",29240.11,null,null,356.92,null,473.43,null,169836.52]
["1702","CEDARVILLE          ",158.44999999999999,3091.86,75016.639999999999,5300.1,null,null,null,null,null,null,"                          -  ",4682.37,64195.75,null,null,0,null,null,null,17473.5]
["1703","MOUNTAINBURG        ",2443.5300000000002,1711.27,37254.53,19.149999999999999,null,null,null,null,null,null,3236.5,33.57,23923.17,null,null,0,null,null,2300.8000000000002,3513.16]
["1704","MULBERRY/PLEASANT VIEW BI-COUNTY",555.64,0,135.03,3645.37,null,null,null,null,null,null,"                          -  ","                                               -  ",10267.56,null,238.78,0,null,null,0.05,13155.71]
["1705","VAN BUREN           ",0,4609.82,212935.84,33931.89,null,null,null,null,null,null,13167.05,7484.67,153360.24,19108.97,null,0,4848.51,null,null,"                               -  "]
["1802","EARLE               ",374,0,3012.81,0,null,null,null,null,null,null,1518.52,2556.6999999999998,286806.00449999998,null,null,31814.58,null,36630.93,11784.19,15567.34]
["1803","WEST MEMPHIS        ",11649,0,263955.14,85934.57,null,null,null,null,null,null,0.01,"                                               -  ",978187.57,null,155446.13,153759.91,null,17344.23,null,328765.53999999998]
["1804","MARION",0,0,461910.76,178406.27,null,null,null,null,null,null,"                          -  ","                                               -  ",685198.37,null,5059.7700000000004,128499.03,0,62323.14,null,437637.1]
["1901","CROSS COUNTY        ",102.84,38117.24,69798.3,474.46,null,null,null,null,null,null,0.03,"                                               -  ",47420.85,null,null,885.69,null,1168.02,null,25000.09]
["1905","WYNNE",0,6588,47306.85,18957.28,null,null,null,null,null,null,"                          -  ","                                               -  ",180681,null,null,0,null,null,1023.18,175398.09]
["2002","FORDYCE             ",0,1982.41,15831.02,0,null,null,null,null,null,null,"                          -  ","                                               -  ",4083.85,null,286651.02,9048.06,null,null,null,17039.16]
["2104","DUMAS",5502.81,2071.6,24346.959999999999,2405.3000000000002,null,null,null,null,null,null,"                          -  ",0.6,93331.82,15095.62,null,15903.05,0,18948.310000000001,905.44,79304.87]
["2105","MCGEHEE",2033.21,0,81497.61,16123.96,null,null,null,null,null,null,"                          -  ","                                               -  ",100959.53,null,null,23295.39,null,null,null,16012.35]
["2202","DREW CENTRAL        ",0,0,0,35092.03,null,null,null,null,null,null,"                          -  ","                                               -  ",null,null,null,0,null,null,null,"                               -  "]
["2203","MONTICELLO          ",55.66,4797.05,17576.46,976.3,null,null,null,null,null,null,"                          -  ","                                               -  ",123695.76,null,null,732.6,null,1798.86,2539.1,35071.69]
["2301","CONWAY              ",0,6974.9,92186.49,17959.18,null,null,null,null,null,null,5792.09,39600.26,369862.13,0,77600.09,29978.18,94770.3,58446.16,null,22826.04]
["2303","GREENBRIER          ",0,2883,110924.99,47509.4,null,null,null,null,null,null,"                          -  ","                                               -  ",68401.210000000006,null,null,38710.36,null,null,null,29973.3]
["2304","GUY-PERKINS         ",5346,0,26738.52,0,null,null,null,null,null,null,"                          -  ","                                               -  ",37972.379999999997,null,null,391.56,null,null,null,6457.36]
["2305","MAYFLOWER           ",0,964,23240.92,0,null,null,null,null,null,null,"                          -  ","                                               -  ",46128.78,null,null,0,null,1925.12,null,13705.56]
["2306","MOUNT VERNON/ENOLA     ",0,472.16,16442.47,3552.8,null,null,null,null,null,null,"                          -  ","                                               -  ",37150.699999999997,null,null,0,null,null,null,3253.59]
["2307","VILONIA             ",2946.29,9246.74,12128.08,50449.18,null,null,null,null,null,null,"                          -  ","                                               -  ",46026.32,null,null,4418.7,null,16421.71,null,52208.52]
["2402","CHARLESTON          ",1965.83,5169.37,34722.160000000003,2737.16,null,null,null,null,null,null,"                          -  ","                                               -  ",36981.57,null,null,0,null,null,null,6214.6]
["2403","COUNTY LINE         ",0,1474.92,61440.78,1607.76,null,null,null,null,null,null,"                          -  ",21674.97,22162.91,null,null,0,null,null,null,2857.34]
["2404","OZARK",10177.93,1830,75972.289999999994,635.23,null,null,null,null,null,null,"                          -  ",37101.5,38920.15,null,null,0,null,null,null,225478.43]
["2501","MAMMOTH SPRING      ",0,8130.27,4091.4,0,null,null,null,null,null,null,"                          -  ","                                               -  ",396.61,null,null,19021.95,null,2886.53,8212.49,13291.72]
["2502","SALEM               ",0,0,1524.6,4941.6099999999997,null,null,null,null,null,null,0.03,0.03,83930.17,null,null,1732.5,null,null,7786.71,183367.92]
["2503","VIOLA               ",3848,45877.24,43093.8,440.31,null,null,null,null,null,null,17.29,"                                               -  ",17599.689999999999,null,null,0,null,286.22000000000003,null,"                               -  "]
["2601","CUTTER-MORNING STAR ",39029.629999999997,17380.72,0,35605.69,null,null,null,null,null,null,"                          -  ",0.01,59551.38,null,null,31154.9,null,null,null,"                               -  "]
["2602","FOUNTAIN LAKE",0,0,68949.38,71069.210000000006,null,null,null,null,null,null,12286.43,5601.78,39984.400000000001,null,null,59017.66,null,25181.99,null,12500]
["2603","HOT SPRINGS         ",0,36.159999999999997,56082.9,21641.53,null,null,null,null,null,null,240.74,86138.48,202632.73,null,9.5,58529.59,44821.279999999999,66998.929999999993,null,71797.81]
["2604","JESSIEVILLE         ",0,0,26860.82,6829.62,null,null,null,null,null,null,"                          -  ","                                               -  ",72664.75,null,null,27207.279999999999,null,237.65,null,15572.24]
["2605","LAKE HAMILTON       ",0,835.2,97145.29,168862.68,null,null,null,null,null,null,"                          -  ",0.01,154657.20000000001,null,null,113310.02,19546.77,null,null,177678.29]
["2606","LAKESIDE       ",0,14292.39,11560.51,38766.800000000003,null,null,null,null,null,null,"                          -  ","                                               -  ",89811.93,null,null,0,19186.84,null,null,463.64]
["2607","MOUNTAIN PINE       ",24520.35,0,33839.730000000003,17018.23,null,null,null,null,null,null,"                          -  ",20083.22,67527.460000000006,null,null,25435.57,null,null,5365.37,28381.01]
["2703","POYEN               ",814.92,0,496.07,0,null,null,null,null,null,null,"                          -  ","                                               -  ",5747.99,null,null,205,null,null,null,9481.9599999999991]
["2705","SHERIDAN            ",0,0,0,29653.279999999999,null,null,null,null,null,null,"                          -  ","                                               -  ",30839.62,null,null,37002.32,716.57,902.72,null,77875.429999999993]
["2803","MARMADUKE           ",213.7,8443.7199999999993,5028.37,161.04,null,null,null,null,null,null,"                          -  ","                                               -  ",11607.57,null,null,1134.6099999999999,null,null,277.83999999999997,1248.48]
["2807","GREENE COUNTY TECH",839.85,75,11608.57,33590.910000000003,null,null,null,null,null,null,5945.29,38043.83,45672.47,null,14754.36,4379.07,13899.64,null,null,157474.85999999999]
["2808","PARAGOULD      ",0,0,3799.34,1301.33,null,null,null,null,null,null,6513.76,4564.03,93575.82,4754.8509999999997,null,33149.910000000003,5709.16,null,64078.62,"                               -  "]
["2901","BLEVINS",14952,0,11595.81,290,null,null,null,null,null,null,"                          -  ",12623.17,null,null,null,0,null,null,null,7943.17]
["2903","HOPE                ",74965.19,0,279867.44,80870.33,null,null,null,null,null,null,"                          -  ","                                               -  ",166727.48000000001,null,null,20495.14,85247.82,null,32735.599999999999,179434.77]
["2906","SPRING HILL         ",0,3625.48,30731.5,867.82,null,null,null,null,null,null,"                          -  ",15612.87,2216.46,null,null,0,null,3956.82,null,6321.59]
["3001","BISMARCK            ",2125.19,2518.4499999999998,43159.040000000001,15569.79,null,null,null,null,null,null,4.1500000000000004,"                                               -  ",27070.799999999999,null,null,36476.730000000003,null,0.4,1500,34610.769999999997]
["3002","GLEN ROSE           ",0,366,0,9831.33,null,null,null,null,null,null,"                          -  ","                                               -  ",6123.73,null,null,0,null,null,"                  -  ",5926.76]
["3003","MAGNET COVE         ",1830,38212.93,8676.24,0,null,null,null,null,null,null,"                          -  ",8556.7999999999993,7701.07,null,null,0,null,null,null,"                               -  "]
["3004","MALVERN",51889.61,0,166490.15,89531.88,null,null,null,null,null,null,"                          -  ","                                               -  ",25243.08,null,null,46226.7,9345.44,105806.05,null,316868.34000000003]
["3005","OUACHITA            ",0,0,1708.33,0,null,null,null,null,null,null,"                          -  ","                                               -  ",1055.44,null,null,389.95,null,null,null,1378.87]
["3102","DIERKS              ",6956.74,3507.13,26717.71,20356.34,null,null,null,null,null,null,"                          -  ","                                               -  ",60223.88,null,null,0,null,null,null,1299.68]
["3104","MINERAL SPRINGS",9117.0499999999993,5878.48,38542.14,7478.73,null,null,null,null,null,null,"                          -  ","                                               -  ",27888.16,null,null,10294.9,null,null,9844.3700000000008,5088.8900000000003]
["3105","NASHVILLE           ",59697.34,16537.27,211717.54,78890.16,null,null,null,null,null,null,5267.77,29283.360000000001,105285.21,20526.509999999998,null,666.8,0,83631.63,2780.21,63203.72]
["3201","BATESVILLE          ",0,17524.14,122314.57,97685.38,null,null,null,null,null,null,10630.52,3164.44,192307.82,28173.17,null,229093.98,26852.69,null,7865.04,79730.75]
["3209","SOUTHSIDE",1546.55,403.15,6996.91,4212.33,null,null,null,null,null,null,"                          -  ","                                               -  ",19673.54,null,null,4609.3100000000004,null,null,null,33503.75]
["3211","MIDLAND             ",173.12,0,0.3,0,null,null,null,null,null,null,7238.93,1144.98,35878.17,3230.8679999999999,null,33179.019999999997,null,756.47,null,33649.410000000003]
["3212","CEDAR RIDGE",22.86,5646,6325.11,0,null,null,null,null,null,null,"                          -  ","                                               -  ",514.1,null,null,0,null,null,null,15327.66]
["3301","CALICO ROCK         ",118.51,1830,38720.720000000001,28934.7,null,null,null,null,null,null,"                          -  ","                                               -  ",20214.990000000002,null,null,21.7,null,null,null,6395.1]
["3302","MELBOURNE",51.13,3189,15410.31,2323.1,null,null,null,null,null,null,"                          -  ","                                               -  ",28116,null,null,0,null,null,28153.19,1562.91]
["3306","IZARD COUNTY CONSOLIDATED",13749,0,31636.82,0,null,null,null,null,null,null,4747.6000000000004,8345.16,6900,null,null,0,null,null,1434.78,2758.52]
["3403","NEWPORT             ",0,2196,101846.63,9908.7800000000007,null,null,null,null,null,null,"                          -  ","                                               -  ",86877.3,null,null,34813.980000000003,null,null,null,101872.77]
["3405","JACKSON COUNTY",55.48,76451.509999999995,4198.7299999999996,9165.58,null,null,null,null,null,null,"                          -  ","                                               -  ",20671.509999999998,null,null,7312.5,null,null,null,56131.96]
["3505","PINE BLUFF          ",0,0,34376.68,4969.3100000000004,null,null,null,null,null,null,165.97,"                                               -  ",234436.35,null,null,3539.24,null,110169.05,null,135013.03]
["3509","WATSON CHAPEL       ",0,3129.5,0,11305.91,null,null,null,null,null,null,"                          -  ","                                               -  ",152635.29999999999,null,null,59275.91,null,null,null,61128.15]
["3510","WHITE HALL          ",0,0,0,157734.69,null,null,null,null,null,null,14062.76,"                                               -  ",164209.13,null,null,44806.239999999998,12507.05,30332.01,null,"                               -  "]
["3544","FRIENDSHIP ASPIRE ACADEMIES ARKANSAS",0,23014.37,95262.04,0,null,null,null,null,null,null,5883.35," ",null,null,null,0,null,null,null,3057.32]
["3601","CLARKSVILLE         ",9954.68,7566.26,246834.74,86322.75,null,null,null,null,null,null,108.6,"                                               -  ",17132.38,35083.47,null,123928.84,12863.62,19285.55,7416.31,82928.39]
["3604","LAMAR               ",42445.61,18777.79,14891.09,2016.74,null,null,null,null,null,null,"                          -  ","                                               -  ",45042.01,null,null,9370.32,null,null,null,14425.87]
["3606","WESTSIDE   ",12840.8,697,55636.800000000003,15480.2,null,null,null,null,null,null,"                          -  ","                                               -  ",70334.33,null,null,0,null,null,787.63,747.61]
["3704","LAFAYETTE COUNTY",0,10248,33586.25,0,null,null,null,null,null,null,16080.99,1876.45,60500.959999999999,null,null,28567.1,null,15790.86,15665.73,43329.22]
["3804","HOXIE               ",29363.14,4662.03,16592.07,1486.33,null,null,null,null,null,null,"                          -  ",0.02,68141.53,null,null,0,null,null,6494.24,329213.51]
["3806","SLOAN-HENDRIX       ",163.16,1056,58104.1,15840.36,null,null,null,null,null,null,"                          -  ",0.01,28922.98,null,null,0,null,null,1079,56907.81]
["3809","HILLCREST",0,317.54000000000002,25378.75,6333.15,null,null,null,null,null,null,"                          -  ","                                               -  ",29349.51,null,null,11412.53,null,null,333.86,"                               -  "]
["3810","LAWRENCE COUNTY",998.01,0,385.11,0,null,null,null,null,null,null,"                          -  ",0.01,6082.19,null,null,0,null,null,null,7903.53]
["3840","IMBODEN AREA CHARTER SCHOOL",0,21415.8,0,4156.6499999999996,null,null,null,null,null,null,1338.56,5829.69,14.9,null,null,1057.33,null,2293.75,null,20008.63]
["3904","LEE COUNTY          ",0,6124.53,41322.43,0,null,null,null,null,null,null,17715.55,51983.24,295287.51,null,null,18541.09,null,19049.37,7867.91,120491.8]
["4003","STAR CITY",638.47,13604.89,6175.82,467.1,null,null,null,null,null,null,"                          -  ",39552.82,null,1534.89,null,10941.32,null,8493.5,7566.88,1450.98]
["4101","ASHDOWN             ",7795.62,4081.7,50219.03,25361.37,null,null,null,null,null,null,"                          -  ","                                               -  ",94341.52,null,null,9434.83,null,4400.62,130,57491.83]
["4102","FOREMAN             ",0,10866.37,33324.43,975.02,null,null,null,null,null,null,"                          -  ","                                               -  ",19187.48,null,null,0,null,null,null,24569.87]
["4201","BOONEVILLE          ",33649.660000000003,0,14601.33,10966.59,null,null,null,null,null,null,"                          -  ",16821.37,95477.69,null,null,0,null,null,105415.3,43392.46]
["4202","MAGAZINE            ",0,0,28708.92,0,null,null,null,null,null,null,"                          -  ",17326.349999999999,12352.6,null,null,0,null,null,null,5072.84]
["4203","PARIS               ",0,3294,67989.23,0,null,null,null,null,null,null,"                          -  ",22691.200000000001,50110.67,null,null,0,null,null,null,"                               -  "]
["4204","SCRANTON            ",0,0,858.14,2728.08,null,null,null,null,null,null,"                          -  ",2036.76,264.02,null,null,0,null,null,null,89.13]
["4301","LONOKE              ",0,48377.93,0,0,null,null,null,null,null,null,0.01,"                                               -  ",77553.22,null,null,0,6002.12,null,null,6071.26]
["4302","ENGLAND             ",0,4980,48200.59,441.17,null,null,null,null,null,null,"                          -  ","                                               -  ",10754.37,null,null,15731.3,null,null,4843.7299999999996,136393.43]
["4303","CARLISLE            ",8882,27582.03,27143.7,2368.79,null,null,null,null,null,null,"                          -  ","                                               -  ",14474.49,null,null,20861.650000000001,null,10000,null,28777.38]
["4304","CABOT               ",34151.06,0,15508.11,1506.5,null,null,null,null,null,null,"                          -  ","                                               -  ",135214.92000000001,null,null,120694.39,32391.29,6376.59,null,181776.01]
["4401","HUNTSVILLE",0,2187.44,67039.360000000001,74029.929999999993,null,null,null,null,null,null,"                          -  ","                                               -  ",126450.08,8501.9500000000007,null,12343.61,17083.740000000002,34243.22,null,3556.46]
["4501","FLIPPIN             ",0,7526.19,61239.06,15819.05,null,null,null,null,null,null,565.33000000000004,"                                               -  ",79721.539999999994,null,null,14074.6,null,12037.13,null,0.02]
["4502","YELLVILLE-SUMMIT",10436,2192.4499999999998,46558.09,26126.03,null,null,null,null,null,null,"                          -  ","                                               -  ",56898.64,null,null,0,null,null,206.51,95595.72]
["4602","GENOA CENTRAL       ",10922.17,9396.0499999999993,12142.65,347.8,null,null,null,null,null,null,"                          -  ","                                               -  ",17509.939999999999,null,null,1905.59,null,1229.77,9209.36,29277.73]
["4603","FOUKE",34688.449999999997,26736.52,35850.26,12386.24,null,null,null,null,null,null,"                          -  ","                                               -  ",57076.97,null,null,0,null,13264.06,null,"                               -  "]
["4605","TEXARKANA           ",0,636.1,60831.06,68911.87,null,null,null,null,null,null,21351.32,15016.45,622311.19999999995,null,null,197273.48,3979,40544.36,null,126456.84]
["4701","ARMOREL             ",0,31646.42,18.03,0,null,null,null,null,null,null,"                          -  ","                                               -  ",3008.82,null,null,0,null,null,null,22950.2]
["4702","BLYTHEVILLE         ",106337.84,0,238407.2,40890.620000000003,null,null,null,null,null,null,0.01,"                                               -  ",282244.17,null,null,79952.179999999993,null,88117.68,46244.23,363816.19]
["4706","RIVERCREST",0,0,558.42999999999995,0,null,null,null,null,null,null,"                          -  ","                                               -  ",239523.53,null,null,0,null,null,null,400204.04]
["4708","GOSNELL             ",0,0,0,0,null,null,null,null,null,null,"                          -  ","                                               -  ",15497.64,null,null,5272.54,null,null,null,62240.06]
["4712","MANILA              ",0,35865.51,11087.58,156.6,null,null,null,null,null,null,"                          -  ","                                               -  ",22550.81,null,null,0,null,null,null,6963.5]
["4713","OSCEOLA             ",20744.78,26304.55,95187.81,7492.04,null,null,null,null,null,null,41.81,"                                               -  ",366971.87,null,null,126867.85,null,null,null,36738.31]
["4801","BRINKLEY            ",0,827.41,146792.57,6219.39,null,null,null,null,null,null,"                          -  ",9.59,286160.11,null,null,48944.62,null,28564.1,4058.72,3941.14]
["4802","CLARENDON ",9962.2199999999993,13045.54,20364.560000000001,4185.6099999999997,null,null,null,null,null,null,0.02,"                                               -  ",39430.89,null,null,4666.28,null,null,null,"                               -  "]
["4901","CADDO HILLS         ",718.62,4392,55624.09,0,null,null,null,null,null,null,"                          -  ","                                               -  ",25009.62,null,null,0,null,20889.8,4190.67,7297.9]
["4902","MOUNT IDA           ",1067.22,4208.1000000000004,0,0,null,null,null,null,null,null,"                          -  ","                                               -  ",31331.08,null,null,0,null,null,null,2081.8200000000002]
["5006","PRESCOTT            ",0,16395,9372.35,0,null,null,null,null,null,null,"                          -  ",0.05,3699.6,null,null,18557.240000000002,null,3064.29,7002.13,35169.24]
["5008","NEVADA",3339.49,3541,23383.3,0,null,null,null,null,null,null,19.600000000000001,11120.27,11020.06,null,null,669.87,null,702.3,null,8852.01]
["5102","JASPER",0,0,4827.6400000000003,0,null,null,null,null,null,null,75.03,"                                               -  ",4700.07,6049.4075000000003,null,0,null,null,2995.33,184264.93]
["5106","DEER/MT. JUDEA",0,967.08,20872.71,16631.22,null,null,null,null,null,null,"                          -  ",810.66,27325.26,null,null,173.63,null,1537.16,null,30279.49]
["5201","BEARDEN             ",15873.75,78305.56,17997.07,24584.37,null,null,null,null,null,null,19.23,21370.6,47468.51,null,null,18050.39,null,null,null,34572.03]
["5204","CAMDEN-FAIRVIEW         ",0.76,732,0,2885.01,null,null,null,null,null,null,7824.84,19896.669999999998,5107.47,null,null,1812.53,null,673.08,18807.080000000002,51299.14]
["5205","HARMONY GROVE",245.42,0,15258.23,2335.25,null,null,null,null,null,null,"                          -  ",16184.27,3859.79,null,null,3149.52,null,24268.69,92.27,2783.02]
["5301","EAST END            ",1776.3,1830,7468.48,1535,null,null,null,null,null,null,"                          -  ","                                               -  ",32299.07,null,null,0,null,null,null,3818]
["5303","PERRYVILLE          ",1567,4741.96,7802.59,1293.68,null,null,null,null,null,null,"                          -  ","                                               -  ",80736.039999999994,null,null,6394.99,null,23378.45,1258.8800000000001,12524.54]
["5401","BARTON",1145,11437.55,3724.99,2300.46,null,null,null,null,null,null,"                          -  ","                                               -  ",27189.95,null,null,1654.11,null,null,763.57,"                               -  "]
["5403","HELENA-W HELENA     ",8469,0,3026.08,664.06,null,null,null,null,null,null,"                          -  ","                                               -  ",null,null,null,0,null,null,null,32663.06]
["5404","MARVELL-ELAINE           ",0,24837.64,0,0,null,null,null,null,null,null,1.71,"                                               -  ",121091.62,null,null,35756.07,null,null,2647.71,109610.15]
["5440","KIPP DELTA",0,0,869826.38,76688,null,null,null,null,null,null,"                          -  ","                                               -  ",1711243.22,null,null,418235.93,null,345750.24,43640.03,277650.37]
["5502","CENTERPOINT",0,15260.95,50938.53,15484.5,null,null,null,null,null,null,"                          -  ",0.01,43197,18332.48,null,0,0,null,11094.55,42027.02]
["5503","KIRBY               ",1754.2,3126.84,12.65,5534.69,null,null,null,null,null,null,1753.36,651.55999999999995,5850.79,null,null,0,null,null,null,17731.68]
["5504","SOUTH PIKE COUNTY",313.44,0,27638.15,990.96,null,null,null,null,null,null,25.29,23092.44,47337.48,null,null,0,null,null,19119.259999999998,23099.48]
["5602","HARRISBURG    ",0,212,11477.38,0,null,null,null,null,null,null,"                          -  ","                                               -  ",18227.25,null,null,0,null,null,null,11340.78]
["5604","MARKED TREE         ",0.68,57417.71,353.69,0,null,null,null,null,null,null,2386.25,3772.63,null,null,null,0,null,null,null,16348.52]
["5605","TRUMANN             ",2284.98,8004.55,19601.11,5056.83,null,null,null,null,null,null,0.01,"                                               -  ",74431.42,null,null,3914.24,null,null,null,20646.18]
["5608","EAST POINSETT COUNTY     ",0,10162.26,337633.62,434.19,null,null,null,null,null,null,12626.64,21401.19,34462.57,null,null,0,null,null,802.06,21216.57]
["5703","MENA",5875.25,9272.15,73075.31,17460.36,null,null,null,null,null,null,"                          -  ","                                               -  ",216955.9,null,null,0,null,null,10393.39,1682.63]
["5706","OUACHITA RIVER",2249.98,2391.37,41136.76,4830.03,null,null,null,null,null,null,"                          -  ","                                               -  ",17915.53,null,null,0,null,4438.9399999999996,722.25,8074.51]
["5707","COSSATOT RIVER",0,3419.42,90758.43,12679.27,null,null,null,null,null,null,"                          -  ","                                               -  ",172032.18,1191.67,null,30232.880000000001,0,18971.599999999999,28675.11,41242.199999999997]
["5801","ATKINS              ",0,13364.26,57310.63,0,null,null,null,null,null,null,"                          -  ","                                               -  ",68048.070000000007,null,null,0,null,null,2160.46,51085.17]
["5802","DOVER               ",24018.65,732,18803,29950.43,null,null,null,null,null,null,"                          -  ","                                               -  ",46691.1,null,null,51850.2,null,18857.38,null,13319.89]
["5803","HECTOR              ",18769,8931,0,0,null,null,null,null,null,null,"                          -  ","                                               -  ",24467.66,null,null,21954.74,null,15383.14,null,4227.01]
["5804","POTTSVILLE          ",500,16563.25,34369.58,24959.29,null,null,null,null,null,null,"                          -  ",620.22,28454.25,null,null,16862.689999999999,null,1592.55,null,49402.93]
["5805","RUSSELLVILLE        ",17996.11,5403.3,63268.36,12965.94,null,null,null,null,null,null,2524.79,75799.66,433739.86,null,null,110857.82,38198.57,33069.67,null,398874.69]
["5901","DES ARC             ",507.86,8409.11,33813.5,0,null,null,null,null,null,null,"                          -  ","                                               -  ",26521.77,null,null,0,null,null,null,19632.990000000002]
["5903","HAZEN               ",0,229193.89,67261.649999999994,2423.02,null,null,null,null,null,null,"                          -  ","                                               -  ",82835.56,null,null,44042.61,null,null,11075.67,"                               -  "]
["6001","LITTLE ROCK         ",15030.6,0,0,0,null,null,null,null,null,null,"                          -  ","                                               -  ",3606403.66,null,null,900214.54,97836.83,190560.05,null,"                               -  "]
["6002","NORTH LITTLE ROCK       ",0,4499.01,0,0,null,null,null,null,null,null,2679.82,49689.72,518889.81,null,null,273807.13,10566.34,113900.4,null,126694.25]
["6003","PULASKI COUNTY      ",0,15891.1,64349.01,95146.93,null,null,null,null,null,null,71668.570000000007,632816.41,1324292.1599999999,6368.7550000000001,null,467208.78,20107.34,389130.78,null,600166.56999999995]
["6004","JACKSONVILLE NORTH PULASKI",0,0,37111.050000000003,6406.36,null,null,null,null,null,null,79.12,"                                               -  ",264145.57,0,null,42494.6,1060.82,253880.1,null,50367.96]
["6040","ACADEMICS PLUS ",0,0,0,5418.83,null,null,null,null,null,null,"                          -  ",113110.22,4887.6099999999997,null,null,12.34,null,569.48,null,4117.93]
["6041","LISA ACADEMY ",0,184883.09,1120.4100000000001,39019.300000000003,null,null,null,null,null,null,"                          -  ",149287.64000000001,23986.78,null,null,0,72903.070000000007,null,null,"                               -  "]
["6043","ARKANSAS VIRTUAL ACADEMY",0,38376.57,0,0,null,null,null,null,null,null,7226.39,"                                               -  ",352391.18,null,null,52040.63,1214.25,null,null,75547.12]
["6047","ESTEM ",0,9854.11,151046.65,114903.56,null,null,null,null,null,null,"                          -  ","                                               -  ",60895.16,null,null,0,3810.85,9927.9500000000007,null,8669.23]
["6050","ARKANSAS LIGHTHOUSE ACADEMIES",0,0,12861.85,2019.5,null,null,null,null,null,null,"                          -  ",11072.23,118332.6,null,null,0,null,null,null,316594.49]
["6052","GRADUATE ARKANSAS ",0,16576.03,0,0,null,null,null,null,null,null,7536.96,null,null,null,null,0,null,null,null,"                               -  "]
["6053","PREMIER HIGH SCHOOL OF LITTLE ROCK",0,193739.64,79377.58,15185.67,null,null,null,null,null,null,"                          -  ",null,137242.94,null,null,0,null,17694.3,null,332.65]
["6055","EXALT ACADEMY OF SOUTHWEST LITTLE ROCK",0,2196,231645.96,2.61,null,null,null,null,null,null,"                          -  ",1386.69,11719.61,null,null,966.4,21086.27,14110.32,null,7194.23]
["6060","SCHOLARMADE ACHIEVEMENT PLACE",0,0,0,0,null,null,null,null,null,null,4450.6400000000003,18264.29,80220.42,null,null,0,null,null,null,1080]
["6063","WESTWIND SCHOOL FOR PERFORMING ARTS",0,0,1690.33,0,null,null,null,null,null,null,"                          -  ",null,31169.200000000001,null,null,0,null,null,null,10839.59]
["6065","ACADEMIES OF MATH & SCIENCE (AMS)",0,null,50651.73,20063,null,null,null,null,null,null,2987.52,5123.7299999999996,11686.35,null,null,0,null,null,null,"                               -  "]
["6093","ARKANSAS SCHOOL FOR THE DEAF AND BLIND",null,331,null,null,null,null,null,null,null,null,19643.900000000001,"                                               -  ",null,null,null,null,null,9763.81,null,"                               -  "]
["6102","MAYNARD             ",0,38012.69,47452.76,0,null,null,null,null,null,null,"                          -  ","                                               -  ",26624.81,null,null,0,null,null,10568.99,29133.85]
["6103","POCAHONTAS          ",16178.55,0,40749.760000000002,5903.98,null,null,null,null,null,null,240.49,3365.62,90695.08,55408.902000000002,null,113121.47,27306.74,63860.84,22205.48,47809.88]
["6201","FORREST CITY        ",0,21012.01,248460.13,0,null,null,null,null,null,null,11018.24,53479.99,447182.56,5821.51,101230.44,246625.42,null,13564.64,null,22532.16]
["6205","PALESTINE-WHEATLEY     ",1263.6400000000001,9282.7900000000009,70200.960000000006,38.299999999999997,null,null,null,null,null,null,0.05,"                                               -  ",15811.32,null,null,96.65,null,4205.76,4678.03,"                               -  "]
["6301","BAUXITE             ",20940.97,0,0,0,null,null,null,null,null,null,"                          -  ",6310.88,4.82,null,null,2228.5300000000002,null,3006.04,null,51299.16]
["6302","BENTON              ",2229.1,49157.09,38849.07,118060.73,null,null,null,null,null,null,187.15,0.02,136255.24,null,null,115179.43,6659.46,14198.99,null,1942.36]
["6303","BRYANT",8787.16,10456.15,256700.06,91332.07,null,null,null,null,null,null,3004.41,7472.42,110333.97,null,null,31108.880000000001,91331.57,151.82,null,77919.81]
["6304","HARMONY GROVE   ",0,8502.9699999999993,9895.41,6232.98,null,null,null,null,null,null,"                          -  ",0.01,10945.54,null,null,0,0,1387.17,null,31168.61]
["6401","WALDRON             ",1702.23,3561.36,66144.17,14073.66,null,null,null,null,null,null,22994.15,"                                               -  ",207077.02,null,null,0,24766.639999999999,13886.81,9417.0300000000007,14018.09]
["6502","SEARCY COUNTY",0,1725,11875.18,0,null,null,null,null,null,null,455.9,147.69,178224.12,null,null,0,null,null,25412.1,0.5]
["6505","OZARK MOUNTAIN",0,0,15383.32,13.85,null,null,null,null,null,null,647.54,7508.02,18221.11,null,null,0.73,null,3025.44,6383.06,18573.87]
["6601","FORT SMITH          ",0,12169.68,853958.05,0,null,null,null,null,null,null,39054.629999999997,125149.54,667017.57999999996,13601.88,12741.92,324604.08,null,200331.94,null,457468.63]
["6602","GREENWOOD           ",60738.76,0,45776.47,20177.3,null,null,null,null,null,null,"                          -  ",10936.68,98859.18,null,null,8140.8,null,null,null,"                               -  "]
["6603","HACKETT             ",3735.02,0,92147.9,0,null,null,null,null,null,null,"                          -  ",28850.89,14306.61,null,null,0,null,null,null,11240.15]
["6605","LAVACA              ",0,779.3,0,0,null,null,null,null,null,null,"                          -  ","                                               -  ",411.15,null,null,799.43,null,50.12,null,"                               -  "]
["6606","MANSFIELD           ",728.65,31.72,8332.89,0,null,null,null,null,null,null,"                          -  ","                                               -  ",22499.62,null,null,94.54,null,null,888.31,6503.49]
["6640","FUTURE SCHOOL OF FORT SMITH",0,0,16.54,4846.26,null,null,null,null,null,null,"                          -  ",null,21969.119999999999,null,null,0,null,null,null,22151.52]
["6641","INSTITUTE FOR THE CREATIVE ARTS",0,1151.8499999999999,6156.94,768.73,null,null,null,null,null,null,"                          -  ",null,null,null,null,1704.15,null,null,null,7293.18]
["6701","DEQUEEN             ",2659.74,27647.3,287035.39,43689,null,null,null,null,null,null,"                          -  ","                                               -  ",258793.53,6542.59,null,53316.65,5801.96,67863.47,25973.82,34384.76]
["6703","HORATIO             ",10358.81,5643.3,14986.09,11629.77,null,null,null,null,null,null,"                          -  ",11434.62,82209.460000000006,null,null,9307.73,9368.8700000000008,35455.26,null,1381.3]
["6802","CAVE CITY",64253.94,4662.08,47973.03,17365.189999999999,null,null,null,null,null,null,"                          -  ","                                               -  ",56898.27,null,null,0,null,null,25840.28,32892.379999999997]
["6804","HIGHLAND            ",13542.02,3280.42,74748.429999999993,16132.84,null,null,null,null,null,null,"                          -  ","                                               -  ",61396,null,null,97395.86,null,8945.75,8722.25,94242.64]
["6901","MOUNTAIN VIEW ",454.97,5626.53,35524.129999999997,280.89,null,null,null,null,null,null,"                          -  ",0.04,126080.66,null,null,46437.8,null,17178.61,24641.51,"                               -  "]
["7001","EL DORADO",0,4628.83,95157.55,25212.73,null,null,null,null,null,null,183.36,74.47,224775.61,null,null,57325.26,20000.46,144188.63,68326.880000000005,313267.42]
["7003","JUNCTION CITY       ",8210.08,3124.17,13631.38,0,null,null,null,null,null,null,17347.650000000001,4519.6499999999996,945.48,null,null,0,null,null,null,32989.040000000001]
["7007","PARKERS CHAPEL      ",1371,1144.82,0,0,null,null,null,null,null,null,"                          -  ",5838.05,null,null,null,0,null,null,null,"                               -  "]
["7008","SMACKOVER-NORPHLET",31299,9309.1299999999992,29108.78,6008.1,null,null,null,null,null,null,"                          -  ",26402.49,12031.88,null,null,0,null,null,"                  -  ",448.2]
["7009","STRONG-HUTTIG",8.6,1098.27,1146.54,182.21,null,null,null,null,null,null,14.12,3749.6,22759.27,null,null,10236.08,null,null,null,995.5]
["7102","CLINTON",0,0,0,20495.59,null,null,null,null,null,null,"                          -  ","                                               -  ",24575.62,null,null,0,null,707.42,23330.880000000001,96408.84]
["7104","SHIRLEY             ",0,4506.87,2012.08,0,null,null,null,null,null,null,"                          -  ","                                               -  ",17723.689999999999,null,null,0,null,null,null,17985.28]
["7105","SOUTH SIDE ",446,6437.01,18982.98,8481.61,null,null,null,null,null,null,"                          -  ","                                               -  ",4191.28,null,null,8720.18,null,null,null,61942.22]
["7201","ELKINS              ",0,8956.86,41413.01,7983.2,null,null,null,null,null,null,5364.45,29858.36,13012.47,null,null,3612.69,null,null,null,"                               -  "]
["7202","FARMINGTON          ",0,0,6554.91,5159.57,null,null,null,null,null,null,102.56,"                                               -  ",15930.58,null,null,6931.94,9462.9,null,null,75284.91]
["7203","FAYETTEVILLE        ",0,0,315020.74,69392.89,null,null,null,null,null,null,"                          -  ","                                               -  ",224074.75,null,null,99853.02,28671.03,null,null,188827.26]
["7204","GREENLAND",2256.87,0,22809.599999999999,5802.83,null,null,null,null,null,null,9161.0400000000009,2549.29,27818.74,null,null,0,546545.47,null,null,48686.79]
["7205","LINCOLN CONSOLIDATED          ",89801.59,9728.01,230424.25,0,null,null,null,null,null,null,41.6,2409.88,202664.53,null,3398.81,0,null,null,null,25361.31]
["7206","PRAIRIE GROVE       ",0,203043.89,3777.61,62245.55,null,null,null,null,null,null,"                          -  ","                                               -  ",7863.02,null,null,64098.91,null,37565.08,null,55786.12]
["7207","SPRINGDALE          ",0,0,1560935.61,1314216.03,null,null,null,null,null,null,"                          -  ","                                               -  ",813860.02,null,103338.16,93634.97,29795.88,null,null,111240.76]
["7208","WEST FORK           ",22.91,0,1125.19,0,null,null,null,null,null,null,30.14,"                                               -  ",5776.31,null,null,0,null,null,null,"                               -  "]
["7240","HASS HALL ACADEMY ",0,12511.4,0,0,null,null,null,null,null,null,null,null,null,null,null,0,null,null,null,37455.81]
["7301","BALD KNOB           ",25503.040000000001,0,35755.449999999997,6535.38,null,null,null,null,null,null,"                          -  ","                                               -  ",73134.740000000005,12852.62,null,8709.01,null,12825.12,8.1,170795.75]
["7302","BEEBE",0,1472.79,93813.54,16084.72,null,null,null,null,null,null,"                          -  ","                                               -  ",33152.71,8389.77,null,26885.46,null,47765.87,null,2547.89]
["7303","BRADFORD            ",14986.99,0,48124.7,11158.73,null,null,null,null,null,null,"                          -  ","                                               -  ",24282.21,null,null,72.55,null,3376.58,null,54401.91]
["7304","WHITE COUNTY CENTRAL       ",0,26347.599999999999,0,0,null,null,null,null,null,null,"                          -  ","                                               -  ",2765.74,2018.92,null,0,null,null,57.4,9978.4599999999991]
["7307","RIVERVIEW           ",13241.87,4792.78,124410.96,5946.02,null,null,null,null,null,null,"                          -  ","                                               -  ",59942.42,13150.178,null,5264.75,null,null,1692.76,6378.24]
["7309","PANGBURN            ",10558.45,20031.21,8707.57,2493.84,null,null,null,null,null,null,"                          -  ","                                               -  ",11424.24,null,null,2750,null,null,134.91999999999999,71297.61]
["7310","ROSE BUD            ",0,104031.56,9658.98,1591.18,null,null,null,null,null,null,0.02,"                                               -  ",59816.34,null,null,0,null,null,5279.77,"                               -  "]
["7311","SEARCY SPECIAL    ",0,1433.69,150619.82999999999,0,null,null,null,null,null,null,"                          -  ","                                               -  ",120877.24,19516.169999999998,null,15057.41,null,8608.85,null,22864.61]
["7401","AUGUSTA",3960.55,7301,33708.19,0,null,null,null,null,null,null,"                          -  ","                                               -  ",60915.3,null,null,0,null,null,930.63,306.47000000000003]
["7403","MCCRORY             ",3648.61,0,1058.1600000000001,11085.13,null,null,null,null,null,null,"                          -  ","                                               -  ",20013.45,null,null,107.51,null,101.39,null,79927.47]
["7503","DANVILLE            ",0,40747.18,6799.67,131.24,null,null,null,null,null,null,3.69,"                                               -  ",31420.38,null,null,1316.99,1749.63,1757.65,4813.84,"                               -  "]
["7504","DARDANELLE          ",3625.99,450.2,210397.17,2.0299999999999998,null,null,null,null,null,null,"                          -  ","                                               -  ",51090.44,null,null,0,13411.39,5525.17,6873.75,608.01]
["7509","WESTERN YELL COUNTY    ",127.89,2237.33,24567.85,7519.85,null,null,null,null,null,null,"                          -  ","                                               -  ",8264.69,null,null,0,null,null,null,2983.45]
["7510","TWO RIVERS",0,null,34907.300000000003,22534.74,null,null,null,null,null,null,"                          -  ","                                               -  ",4552.71,null,null,7010.78,null,null,null,"                               -  "]
[null,null,{"$f":"SUM(C4:C260)","v":1693330.9700000002},{"$f":"SUM(D4:D260)","v":2978332.7899999996},{"$f":"SUM(E4:E260)","v":15039464.020000005},{"$f":"SUM(F4:F260)","v":5554771.4499999993},null,null,null,null,null,null,{"$f":"SUM(M4:M260)","v":510409.4200000001},2156660.92,27953935.136499997,650751.82200000004,778020.65000000014,7278779.910000002,2035426.2699999998,3552110.1500000004,930200.99000000022,13608585.999999994]

{"sheet":"Allocation","index":6,"n_rows":261,"n_cols":25,"rows_kept":261,"cut":false,"hidden":true,"merged":[]}
[null,null,3,4,5,6,7,"8","9","11","12","13","14","15","16","17","18","19","20","21","22","23"]
["District LEA","District Name","ALE: 2275","ELL: 2276","ESA: 2281","PD: 2223","ABC","Medicaid: 6750 ","ARMAC: 6752 ","Grant","GT Required Expenditure","Operating","Fed Early Childhood SPED: 6710","State Early Childhood SPED: 2260","Title I - A:  6501","Title I - C: 6502","Title I - D: 6510","Title II: 6756","Title III-ESOL: 6761","Title IV: 6786","Title V: 6784","Title VI B (IDEA Part B - SPED): 6702"]
["9999","SAMPLE DISTRICT",39351,80886,485276,21190,null,null,null,null,32933.11,null,5729.96,17644,139236.78,26393.82,96918.66,27611.89,23604.54,10784.57,1299.94,164607.6]
["0101","DEWITT",14267,14625,351538,45513,null,null,null,null,67952.94,null,12471.54,95160.18,370337.23,null,null,49489.99,null,27779.3,947.24,319222.90999999997,null,null,"Final"]
["0104","STUTTGART           ",40254,44250,548796,62088,null,null,null,null,92699.71,null,21405.35,105355.92,530207.05000000005,null,null,86301.07,null,39713.1,54481.85,446330.25,null,null,"Preliminary"]
["0201","CROSSETT            ",194841,18000,515185,60793,null,null,null,null,90767.15,null,32263.4,156334.59,671985.19,null,null,97221.51,null,50406.18,52675.199999999997,445147.99]
["0203","HAMBURG",95760,57000,579652,63742,null,null,null,null,95169.74,null,25477.54,130845.25,455459.33,105012.69,null,57370.8,68149.600000000006,34136.050000000003,1299.94,468688.71]
["0302","COTTER              ",36327,750,252358,26983,null,null,null,null,40286.199999999997,null,8778.61,32286.49,232552.66,null,null,32852.5,null,18688.580000000002,23115.919999999998,183619.82]
["0303","MOUNTAIN HOME       ",356331,18000,869478,153137,null,null,null,null,228641.7,null,40022.82,181823.92,1126616.95,null,null,177375.64,null,89145.31,null,923872.94]
["0304","NORFORK             ",0,0,143811,18597,null,null,null,null,27765.9,null,12723.54,37384.35,172313.87,null,null,19664.71,null,14258.23,null,131478.09]
["0401","BENTONVILLE",822407,392250,2017211,799988,null,null,null,null,1194420.96,null,109749.35,516583.87,1490097.6,null,55341.8,366903.12,29159.51,112457.54,null,4084633.44]
["0402","DECATUR             ",49067,76875,499659,23631,null,null,null,null,35281.879999999997,null,5541.85,27188.62,137041.28,null,null,21205.89,98398.87,10279.59,null,153918.74]
["0403","GENTRY              ",118908,64500,540355,71495,null,null,null,null,106744.88,null,11364.3,49279.38,201010.31,null,null,44961.73,35234.050000000003,17133.990000000002,null,449172.41]
["0404","GRAVETTE            ",96531,22125,488186,83540,null,null,null,null,124729.85,null,12825.49,37384.35,256474.61,null,null,59724.44,null,20458.849999999999,null,453479.25]
["0405","ROGERS              ",733988,1510500,4329207,623587,null,null,null,null,931046.48,null,110149.01,390836.47999999998,2610190.87,null,null,491877.85,109646.51,217987.64,null,3580242.26]
["0406","SILOAM SPRINGS      ",294138,360000,1487700,183361,null,null,null,null,273766.34000000003,null,27480.93,142740.28,812857.48,null,null,135257.74,28091.919999999998,71305.929999999993,null,1006546.77]
["0407","PEA RIDGE           ",43287,43125,474866,107169,null,null,null,null,160009.28,null,17577,49279.38,209820.38,null,null,51463.360000000001,63950.74,16585.09,null,536833.62]
["0440","ARKANSAS ARTS ACADEMY",0,0,null,null,null,null,null,null,56978.31,null,"                               -  ","                                        -  ",147342.32,null,null,27034.86,null,12925.23,null,204806.93]
["0442","COLLEGE PREPARATORY ACADEMIES OF ARKANSAS",0,0,null,null,null,null,null,null,null,null,9691.7900000000009,8496.44,293.07,null,null,25213.8,66844.34,10000,null,344727.73]
["0444","ARKANSAS CONNECTIONS ACADEMY",0,0,null,null,null,null,null,null,null,null,"                               -  ",null,1375143.71,null,null,198671.51,null,102463.09,null,985504.25]
["0446","SCHOOL FOR ADVANCED STUDIES",0,0,null,null,null,null,null,null,null,null,null,null,null,null,null,2655.06,null,null,null,3187.74]
["0448","GARFIELD SCHOLARS ACADEMY",0,0,null,null,null,null,null,null,4533.58,null,null,null,13503.32,null,null,3644.65,null,10000,null,17256.330000000002]
["0501","ALPENA              ",6973,2625,139403,15424,null,null,null,null,23028.47,null,5751.99,16992.89,189428.3,null,null,22938.22,null,15650.83,null,125761.23]
["0502","BERGMAN             ",50855,1125,333355,41549,null,null,null,null,62034.67,null,6383.01,32286.49,204708.68,null,null,40645.199999999997,null,15355.37,null,246510.02]
["0503","HARRISON            ",84047,15375,881600,111723,null,null,null,null,166807.81,null,42089.33,154635.29999999999,680610.69,null,null,138186.31,null,51096.6,null,692754.35]
["0504","OMAHA               ",72021,0,304428,15413,null,null,null,null,23012.55,null,8998.74,23790.04,126958.81,null,null,15644.57,null,10504.94,null,105881.56]
["0505","VALLEY SPRINGS      ",37002,2250,216543,30527,null,null,null,null,45577.63,null,7358.13,56076.53,174716.32,null,null,31126.080000000002,null,14243.07,null,201944.2]
["0506","LEAD HILL           ",28411,750,298913,14236,null,null,null,null,21255.68,null,3394.06,13594.31,164008.91,null,null,22671.45,null,12422.47,null,109058.42]
["0601","HERMITAGE           ",54462,24750,320973,15749,null,null,null,null,23514.52,null,7548.98,35685.07,185808.33,358832.93,null,24714.74,null,13937.63,null,112120.69]
["0602","WARREN              ",78158,96375,1140502,58566,null,null,null,null,87442.57,null,34832.9,146138.85,544375.88,194096.99,null,84464.24,10235.74,40903.56,50296.34,400666.6]
["0701","HAMPTON             ",38255,1125,371711,18919,null,null,null,null,28247.05,null,13561.82,20391.46,125946.98,null,null,19656.080000000002,null,10385.49,null,159592.12]
["0801","BERRYVILLE          ",122435,135750,1363308,70762,null,null,null,null,105651.58,null,23238.49,52677.96,542918.66,132329.24,null,81745.039999999994,11925.65,41942.28,null,410396.54]
["0802","EUREKA SPRINGS      ",96005,16875,217094,24861,null,null,null,null,37118.33,null,9525.26,22090.75,306277.32,null,null,34367.47,null,23902.959999999999,534.52,196094.64]
["0803","GREEN FOREST        ",33068,172500,1261832,55899,null,null,null,null,83459.31,null,16565.07,62873.69,392051.24,112072.13,null,63470.39,44208.75,29408.09,1197.72,355464.64]
["0901","DERMOTT             ",3023,1500,434739,11166,null,null,null,null,16671.29,null,5860.26,64572.98,394433.27,null,null,33425.910000000003,null,30042.57,10121.68,111273.11]
["0903","LAKESIDE ",50579,18375,737907,32919,null,null,null,null,49150.14,null,38166.839999999997,69670.850000000006,878123.23,null,null,84872.3,null,67288.39,29147.200000000001,307829.26]
["1002","ARKADELPHIA         ",153632,22875,572489,72307,null,null,null,null,107958.16,null,31580.19,129145.96,539389.81999999995,null,null,88025.12,null,40460.089999999997,1532.77,515481.58]
["1003","GURDON              ",49334,25125,485320,22554,null,null,null,null,33673.760000000002,null,8377.3799999999992,52677.96,234262.86,null,null,36655.980000000003,null,17572.259999999998,19446.59,190510.14]
["1101","CORNING",44507,375,618783,31384,null,null,null,null,46857.63,null,29301.52,79866.58,358257.65,null,null,46518.04,null,27732.68,27870.73,279039.51]
["1104","PIGGOTT             ",13980,1875,274398,30028,null,null,null,null,44833.25,null,12882.38,62873.69,357567.03,null,null,35615.24,null,26663.45,684.14,202674.34]
["1106","RECTOR         ",11570,2625,434582,22890,null,null,null,null,34175.72,null,7058.57,62873.69,203561.93,null,null,27448.74,null,15246.12,null,179331.83]
["1201","CONCORD",0,750,121220,15388,null,null,null,null,22974.6,null,6623.64,49279.38,187746.44,null,null,22443.66,null,14652.4,null,111085.87]
["1202","HEBER SPRINGS       ",40810,9000,422066,63092,null,null,null,null,94200.09,null,17797.849999999999,84964.45,443498.2,null,null,76010.3,null,33267.19,54392.04,406009.52]
["1203","QUITMAN             ",0,2250,268370,37201,null,null,null,null,55543.43,null,8500.8799999999992,49279.38,164756.72,null,null,27360.97,null,12564.51,null,211453.16]
["1204","WEST SIDE     ",1739,750,367299,19046,null,null,null,null,28436.82,null,2521.6999999999998,25489.33,250210.36,null,null,22946.99,null,19527.29,15567.49,115061.53]
["1304","WOODLAWN            ",19706,4875,169157,22542,null,null,null,null,33656.01,null,5320.44,23790.04,79696.12,null,null,19056.54,null,10000,null,131632.04]
["1305","CLEVELAND COUNTY",25123,8625,241338,27397,null,null,null,null,40905.089999999997,null,17325.650000000001,52677.96,216294.62,null,null,31525.46,null,16678.05,597.92999999999995,215857.12]
["1402","MAGNOLIA",162027,37500,1951207,97435,null,null,null,null,145475,null,62503.85,156334.59,1257875.98,null,null,145622.92000000001,null,94311.47,90341.42,757722.83]
["1408","EMERSON-TAYLOR-BRADLEY",0,6375,362745,52256,null,null,null,null,78020.350000000006,null,24364.799999999999,30587.200000000001,373266.86,null,null,59828.33,null,22983.38,43868.07,311114.46000000002]
["1503","NEMO VISTA          ",4561,0,131689,18960,null,null,null,null,28308.26,null,3212.45,33985.78,113124.33,null,null,18177.87,null,10000,null,120585.87]
["1505","WONDERVIEW          ",4831,1125,150974,17754,null,null,null,null,26507.93,null,4115.2299999999996,22090.75,201703.63,null,null,18825.59,null,14845.56,null,114259.1]
["1507","SO CONWAY COUNTY",138129,39000,1700826,88145,null,null,null,null,131604.29,null,39403.72,144439.56,899985,null,null,122723.41,21240.69,67278.34,79525.22,677580.12]
["1601","BAY                 ",3455,2625,168606,22608,null,null,null,null,33755.18,null,8181.62,11895.02,146832.69,null,null,22675.14,null,11038.63,null,145900.79]
["1602","WESTSIDE CONSOLIDATED      ",48604,5625,523450,70529,null,null,null,null,105302.66,null,15211.44,59475.11,365296.55,null,null,60659.99,null,32041.83,null,457095.66]
["1603","BROOKLAND           ",24325,22875,565298,124624,null,null,null,null,186069.11,null,18709.72,124048.1,302024.15000000002,null,null,68993.69,null,23259.81,null,645307.76]
["1605","BUFFALO ISLAND CENTRAL",0,19125,229767,27927,null,null,null,null,41695.99,null,12794.88,37384.35,228129.56,89809.51,null,29974.03,null,17331.259999999998,603.28,210103.28]
["1608","JONESBORO           ",473150,208875,5169761,261045,null,null,null,null,389753.46,null,60436.99,287179.84999999998,3724392.26,null,null,436766.86,75975.09,287553.09000000003,null,1659558.08]
["1611","NETTLETON           ",243200,115875,3210833,154735,null,null,null,null,231027.25,null,29466.17,207313.26,1404640.73,26393.82,96918.66,235076.92,19271.68,105363.33,null,937730.41]
["1612","VALLEY VIEW         ",68340,34500,472207,117657,null,null,null,null,175668.07,null,18308.79,86663.74,267242.87,null,null,69884.77,12319.23,20054.61,null,592554.94999999995]
["1613","RIVERSIDE           ",10497,6750,228114,30160,null,null,null,null,45030.98,null,7869.26,20391.46,223276.59,null,null,31436.98,null,18495.95,null,208021.48]
["1701","ALMA                ",188769,19500,795644,124209,null,null,null,null,185450.23,null,32181.16,164831.03,711783.74,null,null,109757.82,null,53545.32,null,797860.7]
["1702","CEDARVILLE          ",74224,4125,580178,29528,null,null,null,null,44087.040000000001,null,9093.19,22090.75,391226.75,null,null,30778.93,null,32379.29,618.29,209886.46]
["1703","MOUNTAINBURG        ",26774,1500,500762,24891,null,null,null,null,37163.629999999997,null,3936.62,52677.96,245752.68,null,null,34472.9,null,18434.11,20540.080000000002,188470.71]
["1704","MULBERRY/PLEASANT VIEW BI-COUNTY",19163,1875,322076,16280,null,null,null,null,24306.639999999999,null,7621.77,33985.78,184205.21,null,69219.78,25904.41,null,15126.97,null,143950.81]
["1705","VAN BUREN           ",493444,202875,1990212,228384,null,null,null,null,340987.75,null,65200.99,254893.35,1583437.79,105962.09,null,250678.08,64257.02,118859.54,null,1480934.14]
["1802","EARLE               ",14248,750,560367,14723,null,null,null,null,21982.31,null,5539.54,18692.169999999998,438524.39,null,null,34896.47,null,32879.279999999999,12597.52,126352.15]
["1803","WEST MEMPHIS        ",125866,15750,3513055,178632,null,null,null,null,266706.40999999997,null,108845.42,368745.72,3608573.65,null,null,366071.69,null,273051.84000000003,null,1447538.91]
["1804","MARION",270784,47625,3272601,157351,null,null,null,null,234932.15,null,44111.45,107055.21,1146897.1599999999,null,null,182540.23,13362.09,86029.759999999995,null,955452.61]
["1901","CROSS COUNTY        ",37590,1500,542676,27533,null,null,null,null,41107.71,null,4157.53,33985.78,296136.28000000003,null,null,22698.91,null,24008.79,533.57000000000005,209933.24]
["1905","WYNNE",114234,10500,838622,96652,null,null,null,null,144305.79,null,28705.03,88363.03,1135980.1499999999,null,null,133169.09,null,85553.600000000006,85814.44,669402.41]
["2002","FORDYCE             ",70475,3375,356475,25939,null,null,null,null,38728.89,null,18438.759999999998,59475.11,343476.26,null,null,32669.91,null,28402.52,24379.78,254609.63]
["2104","DUMAS",47436,27750,668418,31958,null,null,null,null,47714.64,null,49553.32,90062.31,669705.34,59276.73,null,81189.14,null,50163.17,32175.27,340327.79]
["2105","MCGEHEE",28872,15750,862546,42279,null,null,null,null,63124.3,null,25628.240000000002,159733.17000000001,664530.68999999994,null,null,69654.179999999993,null,49720.36,37149.42,359815.4]
["2202","DREW CENTRAL        ",14987,16500,961816,48048,null,null,null,null,71737.86,null,36976.89,71370.14,243545.03,null,null,39054.92,null,18268.53,1005.78,326551.84999999998]
["2203","MONTICELLO          ",97506,13125,520695,63106,null,null,null,null,94219.68,null,77433.929999999993,156334.59,738107.96,null,null,111142.8,null,54759.88,55411.29,419262.67]
["2301","CONWAY              ",437144,234375,2848119,401949,null,null,null,null,600129.81999999995,null,108151.36,426521.55,2293409.6800000002,31010.76,58597.2,427571.77,99969.16,172030.68,null,2682033.7599999998]
["2303","GREENBRIER          ",132973,13875,873886,150071,null,null,null,null,224063.43,null,37149.56,135943.12,393679.34,null,null,92600.89,null,33736.01,null,850431.94]
["2304","GUY-PERKINS         ",11948,1125,282625,12153,null,null,null,null,18144.740000000002,null,4912.47,16992.89,83205.279999999999,null,null,14195.41,null,10000,null,89338.18]
["2305","MAYFLOWER           ",69469,4875,346028,38839,null,null,null,null,57988.97,null,7111.15,42482.22,192085.86,null,null,36240.9,null,14420.75,null,253035.69]
["2306","MOUNT VERNON/ENOLA     ",7467,1500,325326,20146,null,null,null,null,30078.6,null,5006.05,25489.33,150911.54999999999,null,null,19631.77,null,11107.22,null,115861.82]
["2307","VILONIA             ",77670,24750,712443,116117,null,null,null,null,173367.61,null,19178.669999999998,130845.25,356503.36,null,null,95667.53,null,26778.48,null,704295.71]
["2402","CHARLESTON          ",54218,4875,215992,35753,null,null,null,null,53381.32,null,12923.86,50978.67,174043.92,null,null,30342.49,null,13727.78,null,206738.71]
["2403","COUNTY LINE         ",49537,1500,414728,22216,null,null,null,null,33169.35,null,5816.01,25489.33,184685.71,null,null,25643.52,null,13824.04,null,137057.19]
["2404","OZARK",221550,6750,525103,66910,null,null,null,null,99899.82,null,22329.78,134243.82999999999,541156.04,null,null,92099.13,null,40592.58,58634.94,444254.86]
["2501","MAMMOTH SPRING      ",54799,375,322076,16580,null,null,null,null,24755.35,null,15074.45,44181.51,192268.65,null,null,25389.15,null,14422.24,392.27,142805.79]
["2502","SALEM               ",47967,375,281561,32912,null,null,null,null,49138.5,null,12346.79,78167.289999999994,275281.40000000002,null,null,38410.78,null,21348.240000000002,29423.27,220415.67]
["2503","VIOLA               ",0,1875,307737,15547,null,null,null,null,23212.73,null,6861.9,32286.49,173663.12,null,null,25295.64,null,14324.26,13240.58,102911.15]
["2601","CUTTER-MORNING STAR ",57565,9750,537161,27131,null,null,null,null,40507.19,null,6659.87,22090.75,231970.64,null,null,29571.69,null,19089.41,null,184295.29]
["2602","FOUNTAIN LAKE",65830,7875,362558,48208,null,null,null,null,71977.210000000006,null,12751.96,69670.850000000006,309905.65000000002,null,null,64709.41,null,23290.9,40669.730000000003,321083.25]
["2603","HOT SPRINGS         ",378261,152250,3144653,142024,null,null,null,null,212049.37,null,34334.86,275284.82,2229006.85,null,14391.8,295709.64,290305.58,167520.6,null,1072251.6200000001]
["2604","JESSIEVILLE         ",32972,4875,595620,30673,null,null,null,null,45796.17,null,4534.87,35685.07,341412.16,null,null,40807.269999999997,null,27429.54,27237.69,176379.77]
["2605","LAKE HAMILTON       ",332262,97125,1423233,156788,null,null,null,null,234091.67,null,30854.69,207313.26,1146602.1399999999,null,null,237688.19,19799.02,81714.240000000005,null,1006523.18]
["2606","LAKESIDE       ",412339,63750,833112,138619,null,null,null,null,206964.24,null,31909.73,118950.23,488776.25,null,null,116148.15,48511.72,36663.519999999997,null,796238.22]
["2607","MOUNTAIN PINE       ",84901,2625,534955,23955,null,null,null,null,35765.480000000003,null,9688.1,47580.09,230355.14,null,null,39346.36,null,17312.16,21459.599999999999,186128.21]
["2703","POYEN               ",22307,1875,141607,21900,null,null,null,null,32697.99,null,5792.24,15293.6,43936.08,null,null,6959.77,null,10000,null,135634.75]
["2705","SHERIDAN            ",263561,67875,958189,168121,null,null,null,null,251012.72,null,33565.120000000003,163131.74,785831.4,null,null,143028.22,11164.55,58782.62,null,1042237.22]
["2803","MARMADUKE           ",21130,0,197809,23377,null,null,null,null,34902.339999999997,null,14608.16,30587.200000000001,189813.66,null,null,24990.52,null,14222.37,534.57000000000005,159454.42000000001]
["2807","GREENE COUNTY TECH",100600,41250,918517,136255,null,null,null,null,203435.2,null,67915.649999999994,139341.70000000001,748938.64,null,43747.49,122646.88,13847.89,56178.54,null,881716.94]
["2808","PARAGOULD      ",204983,80625,2333948,123308,null,null,null,null,184105.34,null,46256.41,130845.25,1068520.04,33170.51,null,171792.99,41347.54,80150.63,2496.31,854838.59]
["2901","BLEVINS",11556,7500,338621,14215,null,null,null,null,21223.85,null,6277.73,18692.169999999998,297806.2,null,null,37487.4,null,22221.33,14101.98,137542.94]
["2903","HOPE                ",267185,149250,1889439,83820,null,null,null,null,125147.33,null,40526.949999999997,200516.1,1049609.75,null,null,116604.37,12636.08,82068.88,73678.37,634052.6]
["2906","SPRING HILL         ",0,4875,189544,25026,null,null,null,null,37365.019999999997,null,3228.86,20391.46,92782.94,null,null,16655.900000000001,null,10000,null,140301.84]
["3001","BISMARCK            ",35052,11250,371374,41230,null,null,null,null,61557.8,null,8100.17,39083.64,296929.18,null,null,39395.93,null,23421.62,null,265435.56]
["3002","GLEN ROSE           ",74582,750,273847,37989,null,null,null,null,56719.37,null,13317.24,27188.62,220668.42,null,null,31352.6,null,19357.59,null,268338.83]
["3003","MAGNET COVE         ",0,375,197258,26850,null,null,null,null,40087.870000000003,null,9200.44,13594.31,101796.1,null,null,15661.11,null,10000,null,184365.6]
["3004","MALVERN",90288,51750,1500080,73193,null,null,null,null,109280.41,null,40544.769999999997,149537.43,865471.14,null,null,111725.07,39077.18,71082.59,null,543732.03]
["3005","OUACHITA            ",51873,0,159790,21604,null,null,null,null,32255.41,null,3422.45,16992.89,92819.56,null,null,11904.01,null,10000,null,126336.56]
["3102","DIERKS              ",0,15750,501865,22571,null,null,null,null,33699.47,null,3107.42,37384.35,134384.29999999999,null,null,20710.55,null,10000,null,133693.16]
["3104","MINERAL SPRINGS",13307,9750,514424,16569,null,null,null,null,24738.82,null,3690.25,23790.04,231213.08,null,null,29587.46,null,18365.990000000002,14172.99,135118.97]
["3105","NASHVILLE           ",127865,80625,1416252,72983,null,null,null,null,108966.99,null,20813.05,107055.21,545235.76,43503.44,null,79038.13,14171.3,43904.13,64802.48,460436.13]
["3201","BATESVILLE          ",215005,247500,1120734,125947,null,null,null,null,188045.13,null,106255.91,290578.42,891821.77,135661.56,null,144053.62,24199.34,66896.33,null,836163.38]
["3209","SOUTHSIDE",89845,21000,571938,79408,null,null,null,null,118559.38,null,22505.23,152936.01,296857.34999999998,null,null,42472,null,23494.75,null,473421.39]
["3211","MIDLAND             ",0,1125,163647,18193,null,null,null,null,27162.93,null,26045.63,73069.42,201000.53,null,null,28441.52,null,15077.22,null,141632.95999999999]
["3212","CEDAR RIDGE",29903,3750,508483,26175,null,null,null,null,39080.879999999997,null,14419.17,90062.31,293700.19,null,null,40584.92,null,22921.39,null,214705.84]
["3301","CALICO ROCK         ",0,0,266926,14161,null,null,null,null,21143.05,null,12476.47,44181.51,129382.38,null,null,17350.77,null,10666.06,null,116865.58]
["3302","MELBOURNE",13266,3375,210482,31185,null,null,null,null,46561.35,null,22859.34,71370.14,235763.49,null,null,36853.230000000003,null,17684.830000000002,26784.19,211054.67]
["3306","IZARD COUNTY CONSOLIDATED",99445,0,506277,25726,null,null,null,null,38410.58,null,16670.990000000002,62873.69,321204.21000000002,null,null,38882.15,null,24093.79,22644.71,172254.21]
["3403","NEWPORT             ",58053,7125,977258,46361,null,null,null,null,69218.86,null,34263.01,108754.49,704247.06,null,null,104118.01,null,52927.55,40626.11,378000.1]
["3405","JACKSON COUNTY",12134,2625,659594,33095,null,null,null,null,49412.75,null,9533.09,61174.400000000001,217562.83,null,null,36599.69,null,16319.57,28309.3,224801.3]
["3505","PINE BLUFF          ",101649,9750,2574402,110373,null,null,null,null,164792.62,null,35643.760000000002,231103.31,2691147.52,null,380881.81,247959.01,null,203308.89,98663.81,1030548.79]
["3509","WATSON CHAPEL       ",212446,6000,980573,63353,null,null,null,null,94588.81,null,41997.4,105355.92,934808.14,null,null,129783.36,null,69999.03,56452.9,456823.02]
["3510","WHITE HALL          ",108353,63750,1011085,124107,null,null,null,null,185297.19,null,25471.78,95160.18,562991.47,null,null,104829.25,58204.75,42210.44,null,748743.27]
["3544","FRIENDSHIP ASPIRE ACADEMIES ARKANSAS",0,0,null,null,null,null,null,null,null,null,12382.92,8496.44,2015560.07,null,null,190498.88,null,149589.10999999999,null,357065.02]
["3601","CLARKSVILLE         ",205694,216000,2072537,101380,null,null,null,null,151365.72,null,21840.42,195418.23999999999,763075.29,153817.76999999999,null,112940.24,25883.91,62985.68,2143.42,628543.80000000005]
["3604","LAMAR               ",0,12000,924314,48730,null,null,null,null,72756.479999999996,null,10626.23,76468,391185.59,null,null,39388.769999999997,null,34274.11,null,295515.44]
["3606","WESTSIDE   ",37413,2250,459951,23326,null,null,null,null,34827.050000000003,null,6853.16,49279.38,325722.92,null,null,27431.599999999999,null,24323.31,20370.900000000001,158489.32999999999]
["3704","LAFAYETTE COUNTY",25800,375,433479,18381,null,null,null,null,27443.3,null,29820.54,74768.710000000006,345378.79,null,null,37632.11,null,27211.58,17056.599999999999,188457.22]
["3804","HOXIE               ",32039,2625,664006,32524,null,null,null,null,48559.41,null,13503.18,22090.75,236430.39,null,null,26571.33,null,18210.259999999998,27845.4,262069.56]
["3806","SLOAN-HENDRIX       ",58661,3000,620989,32609,null,null,null,null,48687.35,null,18087.419999999998,23790.04,225714.44,null,null,29388.13,null,17981.34,26005.57,218859.91]
["3809","HILLCREST",0,0,379756,16603,null,null,null,null,24788.400000000001,null,11342.29,30587.200000000001,320707.40999999997,null,null,39404.39,null,24006.04,14188.99,129855.55]
["3810","LAWRENCE COUNTY",10322,8625,316274,40422,null,null,null,null,60352.480000000003,null,24227.17,57775.82,423250,null,null,48883.81,null,33031.93,830.77,308195.11]
["3840","IMBODEN AREA CHARTER SCHOOL",null,0,null,null,null,null,null,null,null,null,"                               -  ","                                        -  ",31121.41,null,null,2521.63,null,10000,null,19194.88]
["3904","LEE COUNTY          ",47261,6750,960393,26134,null,null,null,null,39019.050000000003,null,20606.12,90062.31,926049.99,null,null,80153.94,null,69463.83,22382.5,255031.91]
["4003","STAR CITY",80366,28125,987925,56986,null,null,null,null,85083.34,null,48135.78,98558.76,421185.59,20957.41,null,67636.89,null,31593.49,48024.17,412198.84]
["4101","ASHDOWN             ",38859,3750,1002627,51945,null,null,null,null,77556.34,null,21905.73,49279.38,492358.81,null,null,69277.58,null,36987.910000000003,44154.97,334974.64]
["4102","FOREMAN             ",26497,4125,398183,19707,null,null,null,null,29424.21,null,15925.53,15293.6,131336.35999999999,null,null,22749.17,null,10000,null,128094.95]
["4201","BOONEVILLE          ",180330,6750,1000421,50765,null,null,null,null,75793.960000000006,null,16034.69,96859.47,498608.25,null,null,68033.740000000005,null,37271.29,43879.34,348080.52]
["4202","MAGAZINE            ",68222,1125,357372,18180,null,null,null,null,27143.34,null,5549.8,30587.200000000001,140311.62,null,null,21640.58,null,10524.9,null,144544.21]
["4203","PARIS               ",145884,7500,765482,38147,null,null,null,null,56955.66,null,15328.27,44181.51,309443.69,null,null,48420.98,null,23228.71,34996.629999999997,263382.19]
["4204","SCRANTON            ",55850,3000,125077,18327,null,null,null,null,27362.49,null,3720.07,11895.02,94235.51,null,null,14646.04,null,10000,null,113649.15]
["4301","LONOKE              ",65997,35250,499757,60603,null,null,null,null,90483.73,null,25646.61,54377.24,428511.14,null,null,64417.79,17815.75,32143,1345.85,425360.06]
["4302","ENGLAND             ",32139,12375,483114,24616,null,null,null,null,36753.49,null,13369.52,28887.91,247339.64,null,null,22876.13,null,20470.689999999999,506.79,212370.07]
["4303","CARLISLE            ",18388,9375,207176,24873,null,null,null,null,37136.69,null,8490.69,45880.800000000003,120937.09,null,null,19994.43,null,10000,null,172601.4]
["4304","CABOT               ",989258,100875,2790264,423129,null,null,null,null,631752.27,null,96911.88,446913.02,1342307.18,null,null,285413.17,101731.69,100687.64,null,2366277.67]
["4401","HUNTSVILLE",157590,60375,1429964,89814,null,null,null,null,134096.35,null,16141.29,120649.52,827460,46356.35,null,126218.54,342423.59,65885.06,1996.06,541247.89]
["4501","FLIPPIN             ",26615,0,594517,30370,null,null,null,null,45344.4,null,21772.49,32286.49,313834.23999999999,null,null,50351.78,null,23540.97,26542.52,212407.28]
["4502","YELLVILLE-SUMMIT",44541,1500,790851,39522,null,null,null,null,59008.81,null,19373.54,39083.64,346211.79,null,null,48214.45,null,27792.93,34013.769999999997,272595.90999999997]
["4602","GENOA CENTRAL       ",86798,4500,241889,49427,null,null,null,null,73797.13,null,8403.2000000000007,33985.78,271779.68,null,null,34531.230000000003,null,20386.41,1030.53,261706.36]
["4603","FOUKE",75668,3000,353742,42253,null,null,null,null,63085.73,null,23522.18,61174.400000000001,288513.83,null,null,38882.54,null,21620.33,900.85,268473.38]
["4605","TEXARKANA           ",459975,36375,2871109,149402,null,null,null,null,223065.01,null,53500.26,67971.56,2297583.36,null,null,307163.55,401.48,172343.74,null,1119869.05]
["4701","ARMOREL             ",0,10500,137199,17161,null,null,null,null,25622.76,null,2850.23,10195.73,42001.13,null,null,7941.51,null,10000,null,100784.11]
["4702","BLYTHEVILLE         ",106346,18750,1103000,51897,null,null,null,null,77484.72,null,12459.71,95160.18,1373437.72,null,null,124583.35,null,107632.51,46222.31,547517.30000000005]
["4706","RIVERCREST",0,10125,1021974,46647,null,null,null,null,69645.53,null,27914.03,45880.800000000003,406245.77,null,null,42418.83,null,30446.92,40091.9,368860.59]
["4708","GOSNELL             ",43876,17625,1026893,49312,null,null,null,null,73625.119999999995,null,39589.620000000003,54377.24,300016.19,null,null,48649.27,null,22547.65,40623.949999999997,322248.67]
["4712","MANILA              ",23481,2625,283214,40367,null,null,null,null,60269.84,null,23227.1,45880.800000000003,180926.34,null,null,23547.27,null,15852.03,null,277332.74]
["4713","OSCEOLA             ",35697,9000,1216608,33409,null,null,null,null,49881.65,null,6290.7,88363.03,875203.09,null,null,86848.87,null,68340.77,28709.040000000001,309646.09000000003]
["4801","BRINKLEY            ",33399,4500,347445,16154,null,null,null,null,24118.1,null,14986.45,44181.51,427360.86,null,null,49491.98,null,32001.33,13647.02,144251.60999999999]
["4802","CLARENDON ",8230,2625,623181,16687,null,null,null,null,24913.89,null,11423.28,42482.22,250988.26,null,null,31057,null,18826.830000000002,14752.33,142417.10999999999]
["4901","CADDO HILLS         ",220,9375,490835,22405,null,null,null,null,33451.550000000003,null,5950.7,27188.62,259041.46,null,null,33316.089999999997,null,19432.21,19437.64,159682.57999999999]
["4902","MOUNT IDA           ",17037,3000,337518,16850,null,null,null,null,25158.14,null,9986.91,23790.04,196039.12,null,null,23416.25,null,14705.07,null,108995.08]
["5006","PRESCOTT            ",78992,14250,719156,35527,null,null,null,null,53043.41,null,39548.68,81565.87,350444.99,null,null,52245.03,null,26287.19,32336.51,261367.92]
["5008","NEVADA",0,2250,357372,17173,null,null,null,null,25640.51,null,9160.86,23790.04,208127.8,null,null,24726.959999999999,null,16412.04,null,137435.29999999999]
["5102","JASPER",0,1125,294234,32885,null,null,null,null,49099.33,null,14528.96,22090.75,306407.18,null,null,39102.06,null,25329.62,29591.14,241930.41]
["5106","DEER/MT. JUDEA",0,0,270235,13521,null,null,null,null,20186.87,null,4838.72,10195.73,146689.20000000001,null,null,17867.330000000002,null,11833.77,69502.179999999993,105921.5]
["5201","BEARDEN             ",19878,750,354063,18418,null,null,null,null,27498.39,null,7751.3,32286.49,158070.96,null,null,21043.22,null,12455.16,null,140998.69]
["5204","CAMDEN-FAIRVIEW         ",81914,9750,1602659,76771,null,null,null,null,114622.64,null,59097.03,100258.05,1082212.49,null,null,138289.29999999999,null,85204.4,null,580950.30000000005]
["5205","HARMONY GROVE",26873,1875,213237,33689,null,null,null,null,50299.75,null,15028.84,33985.78,272143.78999999998,null,null,31914.74,null,22528.46,28980.080000000002,215500.84]
["5301","EAST END            ",11325,10500,332220,26299,null,null,null,null,39265.75,null,10669.68,33985.78,167122.93,null,null,26852.65,null,12788,null,180934.91]
["5303","PERRYVILLE          ",0,750,297540,34972,null,null,null,null,52215.17,null,7081.57,50978.67,203879.84,null,null,30448.99,null,16769.78,null,240086]
["5401","BARTON",0,2625,608856,25903,null,null,null,null,38675.019999999997,null,9325.52,25489.33,245312.29,null,null,24888.6,null,18370.22,21699.63,194117.53]
["5403","HELENA-W HELENA     ",42808,3375,1477782,38640,null,null,null,null,57691.46,null,35786.480000000003,224306.15,1166635.56,null,null,42920.78,null,91406.64,32410.01,381904.64000000001]
["5404","MARVELL-ELAINE           ",0,0,325641,8421,null,null,null,null,12572.34,null,14738.11,49279.38,465781.25,null,null,32442.71,null,36501.99,7720.61,147621.38]
["5440","KIPP DELTA",null,0,null,null,null,null,null,null,null,null,11297.71,3398.57,2423784.8199999998,null,null,208145.77,null,181484.37,43062.61,405281.73]
["5502","CENTERPOINT",56836,33750,777615,39333,null,null,null,null,58726,null,13226.29,67971.56,354904.81,36350,null,55371.47,null,26607.31,33638.83,247224.87]
["5503","KIRBY               ",0,3000,302222,15106,null,null,null,null,22553.439999999999,null,6400.74,15293.6,171132.28,null,null,26896.81,null,12836.77,null,107111.44]
["5504","SOUTH PIKE COUNTY",48868,4875,548191,27213,null,null,null,null,40630.839999999997,null,11633.26,40782.93,204421.11,null,null,35325.589999999997,null,15333.8,23640.18,205773.76]
["5602","HARRISBURG    ",50492,9000,872473,43761,null,null,null,null,65336.61,null,25689.33,35685.07,379805.73,24111.13,null,55660.09,null,28810.7,39295.83,332593.36]
["5604","MARKED TREE         ",8697,4125,394874,19964,null,null,null,null,29806.81,null,9168.68,18692.169999999998,286058.34999999998,null,null,29075.07,null,23680.34,16245.41,168903.65]
["5605","TRUMANN             ",39505,33375,1143811,57422,null,null,null,null,85734.06,null,19498.98,45880.800000000003,760454.98,null,null,100404.54,null,57042.39,1206.08,437617.43]
["5608","EAST POINSETT COUNTY     ",25438,4125,431273,21754,null,null,null,null,32480.07,null,10526.25,25489.33,211699.46,null,null,25290.87,null,17498.09,482.23,171344.08]
["5703","MENA",230753,8250,593978,69493,null,null,null,null,103756.98,null,24466.27,100258.05,788608.41,null,null,107414.86,null,60092.08,58582.34,450963.48]
["5706","OUACHITA RIVER",102703,3000,595620,29778,null,null,null,null,44459.839999999997,null,7421.18,42482.22,205241.48,null,null,32519.56,null,15413.41,26108.91,192018.92]
["5707","COSSATOT RIVER",0,38625,715847,34126,null,null,null,null,50951.69,null,6344.61,39083.64,382205.44,28656.06,null,54618.64,14392.04,28693.85,29877.8,246608.46]
["5801","ATKINS              ",58144,1500,468930,36103,null,null,null,null,53902.87,null,10467.530000000001,64572.98,351299.95,null,null,48521.39,null,26749.25,795.58,254364.15]
["5802","DOVER               ",114957,3000,396720,47518,null,null,null,null,70946.960000000006,null,15079.36,84964.45,311177.28000000003,null,null,46420.58,null,25704.22,null,313357.98]
["5803","HECTOR              ",0,375,544882,27400,null,null,null,null,40909.980000000003,null,11043.08,25489.33,209104.57,null,null,25531.9,null,17019.900000000001,null,180992.57]
["5804","POTTSVILLE          ",41820,24375,408842,73716,null,null,null,null,110062.12,null,18911.169999999998,84964.45,235045.17,null,null,37585.46,null,20549.349999999999,null,429713.71]
["5805","RUSSELLVILLE        ",308300,392250,1934561,218942,null,null,null,null,326891.77,null,72338.759999999995,271886.24,1503694.4,null,null,221133.85,11894.47,117353.63,null,1369059.7]
["5901","DES ARC             ",505,3000,534161,25959,null,null,null,null,38758.28,null,10262.75,20391.46,165887.20000000001,null,null,25235.08,null,13089.82,null,161363.04999999999]
["5903","HAZEN               ",14853,1875,414728,20623,null,null,null,null,30791.15,null,8998.49,30587.200000000001,211680.61,null,null,31752.2,null,15896.79,18609.990000000002,139978.21]
["6001","LITTLE ROCK         ",962608,1275375,15628407,798539,null,null,null,null,1192257.01,null,240087.96,1593933.13,10439261.6,null,107428.19,1166877.1499999999,67778.179999999993,783058.21,null,5519216.25]
["6002","NORTH LITTLE ROCK       ",787807,234000,5903256,294389,null,null,null,null,439537.78,null,83132.25,249795.49,3682149.32,null,null,378085.33,24882.59,276201.26,null,1970619.7]
["6003","PULASKI COUNTY      ",512380,304125,3378732,471947,null,null,null,null,704640.36,null,110402.2,365347.14,4657340.57,18443.12,null,638779,31034.97,349351.22,null,3112617.66]
["6004","JACKSONVILLE NORTH PULASKI",453440,108750,1794807,166592,null,null,null,null,248730.01,null,56803.58,339857.81,2204318.85,null,null,303850.62,23162.93,165289.71,null,1220705.96]
["6040","ACADEMICS PLUS ",0,0,null,null,null,null,null,null,121435.87,null,null,"                                        -  ",335297.27,null,null,89240.82,null,10000,null,453520.77]
["6041","LISA ACADEMY ",0,0,null,null,null,null,null,null,260622.25,null,51849.82,42482.22,2654890.79,null,null,328075.27,22947.32,196290.12,null,1151263.24]
["6043","ARKANSAS VIRTUAL ACADEMY",0,0,null,null,null,null,null,null,null,null,null,"                                        -  ",1740328.43,null,null,332756.34999999998,null,117726.3,null,1171429.74]
["6047","ESTEM ",0,0,null,null,null,null,null,null,145764.54999999999,null,20058.759999999998,28887.91,1477332.97,null,null,213689.66,10604.6,110816.04,null,720210.57]
["6050","ARKANSAS LIGHTHOUSE ACADEMIES",0,0,null,null,null,null,null,null,null,null,7270.88,"                                        -  ",1189825,null,null,49700.69,null,88173.119999999995,null,167462.82]
["6052","GRADUATE ARKANSAS ",0,0,null,null,null,null,null,null,null,null,"                               -  ",null,155842.26999999999,null,null,11839.05,null,11470.12,null,100001.3]
["6053","PREMIER HIGH SCHOOLS OF ARKANSAS",0,0,null,null,null,null,null,null,null,null,"                               -  ",null,297970.02,null,null,32027.09,null,22169.08,null,199003.2]
["6055","EXALT ACADEMY OF SOUTHWEST LITTLE ROCK",0,0,null,null,null,null,null,null,46404.03,null,9816.93,3398.57,993218.93,null,null,89039.11,25372.18,73403.360000000001,null,218233.47]
["6060","SCHOLARMADE ACHIEVEMENT PLACE",0,0,null,null,null,null,null,null,null,null,"                               -  ","                                        -  ",394109,null,null,31600.37,null,29530.61,null,88211.93]
["6063","WESTWIND SCHOOL FOR PERFORMING ARTS",0,0,null,null,null,null,null,null,null,null,null,null,46867.79,null,null,7525.91,null,10000,null,19028.16]
["6065","ACADEMIES OF MATH & SCIENCE (AMS)",0,0,null,null,null,null,null,null,null,null,"                               -  ","                                        -  ",336447.43,null,null,46659.27,null,25233.39,null,114065.58]
["6093","ARKANSAS SCHOOL FOR THE DEAF AND BLIND",0,0,null,null,null,null,null,null,null,null,4856.3900000000003,18692.169999999998,37168.78,null,null,6923.81,null,10000,null,189368.82]
["6102","MAYNARD             ",20299,0,448921,22773,null,null,null,null,34001.870000000003,null,15836.16,37384.35,221068.14,null,null,31189.98,null,17453.72,19416.830000000002,152290.51]
["6103","POCAHONTAS          ",33654,96375,984165,77119,null,null,null,null,115142.35,null,55431.71,197117.53,597340.76,243937.5,null,109942.95,85387.47,44780.1,64895.31,535097.78]
["6201","FORREST CITY        ",22230,12000,1689796,75577,null,null,null,null,112839.45,null,42831.77,214110.42,2210531.6,38996.11,null,219647.59,null,165813.92000000001,68764.22,697831.31]
["6205","PALESTINE-WHEATLEY     ",0,11625,750040,32631,null,null,null,null,48719.18,null,6429.68,23790.04,173582.12,null,null,20170.72,null,13039.49,27194.12,198551.14]
["6301","BAUXITE             ",43355,18750,374680,69493,null,null,null,null,103755.75,null,10864.53,50978.67,139792.17000000001,null,null,34251.89,null,10485.92,null,389693.93]
["6302","BENTON              ",436003,112875,1214404,233792,null,null,null,null,349063.23,null,56948.05,212411.13,689282.67,null,null,177715.42,413818.55,51703.68,null,1312726.55]
["6303","BRYANT",400680,439500,2855282,392501,null,null,null,null,586023.43999999994,null,74331.570000000007,390836.47999999998,1242631.83,null,null,312458.53000000003,93660.87,93210.9,null,2312317.48]
["6304","HARMONY GROVE   ",61806,6375,213237,50989,null,null,null,null,76128.81,null,13951.14,35685.07,99037.759999999995,null,null,23991.82,null,10000,null,285089.95]
["6401","WALDRON             ",64666,36375,1065498,54656,null,null,null,null,81604.490000000005,null,15113.69,61174.400000000001,566101.06999999995,null,null,71732.36,null,42463.74,47627.66,366737.39]
["6502","SEARCY COUNTY",61715,375,583487,29668,null,null,null,null,44295.79,null,21148.5,37384.35,406158.16,null,null,52200.01,null,32042.01,26277.89,233488.25]
["6505","OZARK MOUNTAIN",31653,0,395977,20065,null,null,null,null,29958.01,null,10892.61,25489.33,341137.3,null,null,45964.5,null,25589,17758.439999999999,172202.84]
["6601","FORT SMITH          ",356123,1126875,10939554,555878,null,null,null,null,829953.58,null,166397.79999999999,411227.95,5380612.3600000003,91721.01,16391.18,647466.39,19685.98,444504.76,null,3883804.48]
["6602","GREENWOOD           ",188834,24750,618222,156657,null,null,null,null,233896.39,null,32748.85,149537.43,446309.92,null,null,90183.38,null,39118.800000000003,null,849188.69]
["6603","HACKETT             ",67815,2625,595620,31459,null,null,null,null,46969.66,null,10763.7,45880.800000000003,239379.25,null,null,27909.37,null,20940.939999999999,null,225159.19]
["6605","LAVACA              ",58938,1875,200013,30508,null,null,null,null,45550.080000000002,null,6667.96,39083.64,155622.04999999999,null,null,23621.29,null,13621.55,null,190222.87]
["6606","MANSFIELD           ",117426,3000,476961,30390,null,null,null,null,45373.17,null,5701.69,50978.67,248823.87,null,null,38945.93,null,19981.14,null,200209.03]
["6640","FUTURE SCHOOL OF FORT SMITH",0,0,null,null,null,null,null,null,null,null,1069.03,null,98634.67,null,null,9755.84,null,10000,null,72372.56]
["6641","INSTITUTE FOR THE CREATIVE ARTS",0,0,null,null,null,null,null,null,3057.69,null,"                               -  ",null,13324.42,null,null,3225.69,null,10000,null,25448.51]
["6701","DEQUEEN             ",78770,324000,2039447,96828,null,null,null,null,144569.01999999999,null,29400.33,183523.21,902079.72,102869.48,null,127907.29,19700.240000000002,67665.789999999994,82393.350000000006,622274.9]
["6703","HORATIO             ",13408,34875,584590,26038,null,null,null,null,38876.42,null,5207.1099999999997,35685.07,251351.5,null,null,32983.07,96094.95,18849.86,594.46,187319.72]
["6802","CAVE CITY",22097,9375,1029099,47528,null,null,null,null,70961.039999999994,null,36857.49,147838.14000000001,476810.89,null,null,64012.92,null,37775.17,1036.06,339155.14]
["6804","HIGHLAND            ",140720,3000,1107412,58039,null,null,null,null,86655.34,null,20442.87,188621.08,677480.1,null,null,91719.58,null,54920.39,52354.21,406379.72]
["6901","MOUNTAIN VIEW ",67780,1125,1178004,61400,null,null,null,null,91672.52,null,36768.300000000003,152936.01,824427.16,null,null,98914.5,null,62186.87,54544.4,442252.52]
["7001","EL DORADO",302710,83625,1408907,158429,null,null,null,null,236541.49,null,49901.71,202215.39,1404291.33,null,null,237647.67,10721.64,105337.11,135336.35999999999,1102551.96]
["7003","JUNCTION CITY       ",25859,1125,161443,19297,null,null,null,null,28810.84,null,10023.14,18692.169999999998,101554.92,null,null,18576.34,null,10000,null,188729.05]
["7007","PARKERS CHAPEL      ",6647,3000,164749,32115,null,null,null,null,47949.1,null,8547.42,27188.62,103422.88,null,null,20314.57,null,10000,null,179875.93]
["7008","SMACKOVER-NORPHLET",17660,4875,337478,44487,null,null,null,null,66420.72,null,17026.89,56076.53,244021.7,null,null,38881.31,null,20174.240000000002,null,335192.53999999998]
["7009","STRONG-HUTTIG",0,3375,444657,11597,null,null,null,null,17314.66,null,10555.57,11895.02,199721.64,null,null,20851.68,null,14925.86,null,112320.67]
["7102","CLINTON",118730,16875,450167,47735,null,null,null,null,71271.399999999994,null,20039.34,78167.289999999994,398156.96,null,null,56432.67,null,29850.49,42700.41,321806.98]
["7104","SHIRLEY             ",8031,0,249278,11267,null,null,null,null,16821.88,null,7081.62,37384.35,198292.63,null,null,25606.959999999999,null,14874.1,10981.9,103409.76]
["7105","SOUTH SIDE ",1879,375,130587,19680,null,null,null,null,29383.200000000001,null,4373.87,25489.33,138912.57,null,null,23756.3,null,10419.94,null,130117.75]
["7201","ELKINS              ",198929,9000,363329,58031,null,null,null,null,86642.49,null,11341.92,25489.33,133981.79,null,null,30591.79,null,10000,null,316460.15999999997]
["7202","FARMINGTON          ",202009,59250,514329,119131,null,null,null,null,177868.75,null,15027.12,69670.850000000006,206314.67,null,null,53361.26,709986.64,17740.88,null,606172.91]
["7203","FAYETTEVILLE        ",1425388,432750,2260202,414371,null,null,null,null,618676.13,null,81893.59,360249.27,1834831.92,87984.49,175791.59,377627.39,413.17,137599.01999999999,null,2507158.44]
["7204","GREENLAND",43971,6375,594517,29995,null,null,null,null,44784.28,null,6773.56,20391.46,171183.15,null,null,35361.120000000003,null,14911.97,null,215186.62]
["7205","LINCOLN CONSOLIDATED          ",78892,30000,807396,42011,null,null,null,null,62724.56,null,13253.13,44181.51,301693.75,null,null,48346.09,null,23323.98,null,270510.89]
["7206","PRAIRIE GROVE       ",88000,31500,531715,87941,null,null,null,null,131300.67000000001,null,12488.46,86663.74,250074.12,null,null,60797.99,null,20785.29,null,455360.44]
["7207","SPRINGDALE          ",2891943,2578875,17386589,886083,null,null,null,null,1322965.1100000001,null,152114,712002.11,5380339.7300000004,235447.83,null,791092.36,389.78,403584.02,null,5168301.2]
["7208","WEST FORK           ",20299,3375,171912,30120,null,null,null,null,44970.99,null,5488.76,32286.49,115109.52,null,null,25363.94,null,10196.09,null,198690.52]
["7240","HASS HALL ACADEMY ",0,0,null,null,null,null,null,null,null,null,null,null,null,null,null,null,null,null,null,249185.19]
["7301","BALD KNOB           ",89116,4875,342722,41613,null,null,null,null,62130.78,null,13889.87,59475.11,393174.63,41092.33,null,55929.24,null,30723.37,36642.06,322700.19]
["7302","BEEBE",228325,16875,1013840,132952,null,null,null,null,198504.33,null,30514.16,101957.34,694291.89,55286.41,null,130380.39,null,52079.43,null,796582.34]
["7303","BRADFORD            ",28108,2250,341930,16160,null,null,null,null,24127.89,null,7599.14,27188.62,142037.28,null,null,23329.7,null,10664.17,null,125181.3]
["7304","WHITE COUNTY CENTRAL       ",50900,8250,319029,34791,null,null,null,null,51945.21,null,11440.1,35685.07,184949.02,29915.67,null,31533.05,null,13873.19,null,209696.17]
["7307","RIVERVIEW           ",93016,30750,928726,43763,null,null,null,null,65340.28,null,46354.02,52677.96,491570.85,48393.84,null,71123.77,null,36873.160000000003,38758.519999999997,335598.32]
["7309","PANGBURN            ",0,2625,244644,29567,null,null,null,null,44145.2,null,28580.35,44181.51,154442.25,null,null,24403.49,null,11584.84,643.52,332473.46000000002]
["7310","ROSE BUD            ",10362,4500,220400,27340,null,null,null,null,40820.61,null,7011.57,30587.200000000001,202452.57,null,null,31871.26,null,16006.36,null,193641.4]
["7311","SEARCY SPECIAL    ",156264,66000,1084368,157637,null,null,null,null,235359.43,null,27521.46,156334.59,998153.73,152638.06,null,207156.16,58203.42,74872.39,null,1036279.99]
["7401","AUGUSTA",78180,750,297810,12928,null,null,null,null,19301.7,null,16417.96,27188.62,337421.99,null,null,30037.14,null,26422.85,11570.39,156451.07]
["7403","MCCRORY             ",0,1500,291060,22752,null,null,null,null,33969.43,null,11178.83,39083.64,199595.47,null,null,31340.6,null,14971.83,null,162737.88]
["7503","DANVILLE            ",52447,43875,627607,32037,null,null,null,null,47832.18,null,4806.8500000000004,67971.56,200052.07,null,null,30962.75,25994.28,15029.46,27796.93,204705.78]
["7504","DARDANELLE          ",197374,156375,1690899,85845,null,null,null,null,128171.35,null,17990.79,152936.01,439357.39,null,null,83185.19,15076.52,32956.58,74056.59,541299.71]
["7509","WESTERN YELL COUNTY    ",1698,12000,413250,10643,null,null,null,null,15890.8,null,2186.91,44181.51,129184.91,null,null,16395.77,null,10694.11,null,79789.179999999993]
["7510","TWO RIVERS",0,23250,560324,25352,null,null,null,null,37851.68,null,8696.2900000000009,76468,347448.44,null,null,49571.03,null,26062.41,22604.32,231715.78]
[null,null,{"$f":"SUM(C4:C260)","v":27593610},{"$f":"SUM(D4:D260)","v":14697000},{"$f":"SUM(E4:E260)","v":229242065},{"$f":"SUM(F4:F260)","v":18082820},null,null,null,null,{"$f":"SUM(K4:K260)","v":27637325.530000009},null,{"$f":"SUM(M4:M260)","v":5904426.7899999972},{"$f":"SUM(N4:N260)","v":22897918.860000014},160860068.43999994,2884106.97,1018709.5,22454898.820000015,3714964.8000000003,12374081.349999994,3412232.2500000009,{"$f":"SUM(V4:V260)","v":125648913.48999999}]